Last updated on 2019-11-26 00:52:15 CET.
Flavor | Version | Tinstall | Tcheck | Ttotal | Status | Flags |
---|---|---|---|---|---|---|
r-devel-linux-x86_64-debian-clang | 0.1.1 | 1.96 | 22.28 | 24.24 | OK | |
r-devel-linux-x86_64-debian-gcc | 0.1.1 | 1.85 | 17.67 | 19.52 | OK | |
r-devel-linux-x86_64-fedora-clang | 0.1.1 | 29.22 | NOTE | |||
r-devel-linux-x86_64-fedora-gcc | 0.1.1 | 28.16 | NOTE | |||
r-devel-windows-ix86+x86_64 | 0.1.1 | 10.00 | 49.00 | 59.00 | OK | |
r-devel-windows-ix86+x86_64-gcc8 | 0.1.1 | 6.00 | 37.00 | 43.00 | OK | |
r-patched-linux-x86_64 | 0.1.1 | 1.87 | 21.58 | 23.45 | OK | |
r-patched-solaris-x86 | 0.1.1 | 46.10 | NOTE | |||
r-release-linux-x86_64 | 0.1.1 | 1.87 | 21.54 | 23.41 | OK | |
r-release-windows-ix86+x86_64 | 0.1.1 | 7.00 | 44.00 | 51.00 | OK | |
r-release-osx-x86_64 | 0.1.1 | NOTE | ||||
r-oldrel-windows-ix86+x86_64 | 0.1.1 | 3.00 | 47.00 | 50.00 | OK | |
r-oldrel-osx-x86_64 | 0.1.1 | NOTE |
Version: 0.1.1
Check: dependencies in R code
Result: NOTE
Namespaces in Imports field not imported from:
‘broom’ ‘tibble’
All declared Imports should be used.
Flavors: r-devel-linux-x86_64-fedora-clang, r-devel-linux-x86_64-fedora-gcc, r-patched-solaris-x86, r-release-osx-x86_64, r-oldrel-osx-x86_64