Last updated on 2019-11-26 00:52:16 CET.
Flavor | Version | Tinstall | Tcheck | Ttotal | Status | Flags |
---|---|---|---|---|---|---|
r-devel-linux-x86_64-debian-clang | 1.4-10 | 11.02 | 95.13 | 106.15 | OK | |
r-devel-linux-x86_64-debian-gcc | 1.4-10 | 9.48 | 71.88 | 81.36 | OK | |
r-devel-linux-x86_64-fedora-clang | 1.4-10 | 116.48 | NOTE | |||
r-devel-linux-x86_64-fedora-gcc | 1.4-10 | 117.85 | NOTE | |||
r-devel-windows-ix86+x86_64 | 1.4-10 | 32.00 | 194.00 | 226.00 | OK | |
r-devel-windows-ix86+x86_64-gcc8 | 1.4-10 | 30.00 | 149.00 | 179.00 | OK | |
r-patched-linux-x86_64 | 1.4-10 | 11.36 | 88.00 | 99.36 | OK | |
r-patched-solaris-x86 | 1.4-10 | 165.80 | OK | |||
r-release-linux-x86_64 | 1.4-10 | 9.87 | 89.82 | 99.69 | OK | |
r-release-windows-ix86+x86_64 | 1.4-10 | 29.00 | 155.00 | 184.00 | OK | |
r-release-osx-x86_64 | 1.4-10 | OK | ||||
r-oldrel-windows-ix86+x86_64 | 1.4-10 | 15.00 | 176.00 | 191.00 | OK | |
r-oldrel-osx-x86_64 | 1.4-10 | OK |
Version: 1.4-10
Check: compiled code
Result: NOTE
File ‘tmvtnorm/libs/tmvtnorm.so’:
Found no calls to: ‘R_registerRoutines’, ‘R_useDynamicSymbols’
It is good practice to register native routines and to disable symbol
search.
See ‘Writing portable packages’ in the ‘Writing R Extensions’ manual.
Flavors: r-devel-linux-x86_64-fedora-clang, r-devel-linux-x86_64-fedora-gcc