Last updated on 2019-11-26 00:52:16 CET.
Flavor | Version | Tinstall | Tcheck | Ttotal | Status | Flags |
---|---|---|---|---|---|---|
r-devel-linux-x86_64-debian-clang | 0.1.0 | 4.06 | 21.11 | 25.17 | OK | |
r-devel-linux-x86_64-debian-gcc | 0.1.0 | 3.82 | 16.95 | 20.77 | OK | |
r-devel-linux-x86_64-fedora-clang | 0.1.0 | 31.99 | NOTE | |||
r-devel-linux-x86_64-fedora-gcc | 0.1.0 | 30.61 | NOTE | |||
r-devel-windows-ix86+x86_64 | 0.1.0 | 15.00 | 48.00 | 63.00 | OK | |
r-devel-windows-ix86+x86_64-gcc8 | 0.1.0 | 10.00 | 32.00 | 42.00 | OK | |
r-patched-linux-x86_64 | 0.1.0 | 3.05 | 20.85 | 23.90 | OK | |
r-patched-solaris-x86 | 0.1.0 | 46.80 | NOTE | |||
r-release-linux-x86_64 | 0.1.0 | 3.43 | 20.62 | 24.05 | OK | |
r-release-windows-ix86+x86_64 | 0.1.0 | 14.00 | 30.00 | 44.00 | OK | |
r-release-osx-x86_64 | 0.1.0 | NOTE | ||||
r-oldrel-windows-ix86+x86_64 | 0.1.0 | 6.00 | 44.00 | 50.00 | OK | |
r-oldrel-osx-x86_64 | 0.1.0 | NOTE |
Version: 0.1.0
Check: dependencies in R code
Result: NOTE
Namespace in Imports field not imported from: ‘Matrix’
All declared Imports should be used.
Flavors: r-devel-linux-x86_64-fedora-clang, r-devel-linux-x86_64-fedora-gcc, r-patched-solaris-x86, r-release-osx-x86_64, r-oldrel-osx-x86_64