Last updated on 2019-11-26 00:52:16 CET.
Flavor | Version | Tinstall | Tcheck | Ttotal | Status | Flags |
---|---|---|---|---|---|---|
r-devel-linux-x86_64-debian-clang | 1.1 | 2.26 | 26.08 | 28.34 | NOTE | |
r-devel-linux-x86_64-debian-gcc | 1.1 | 1.79 | 20.62 | 22.41 | NOTE | |
r-devel-linux-x86_64-fedora-clang | 1.1 | 32.98 | NOTE | |||
r-devel-linux-x86_64-fedora-gcc | 1.1 | 32.56 | NOTE | |||
r-devel-windows-ix86+x86_64 | 1.1 | 11.00 | 53.00 | 64.00 | NOTE | |
r-devel-windows-ix86+x86_64-gcc8 | 1.1 | 7.00 | 37.00 | 44.00 | NOTE | |
r-patched-linux-x86_64 | 1.1 | 1.91 | 25.48 | 27.39 | NOTE | |
r-patched-solaris-x86 | 1.1 | 47.20 | NOTE | |||
r-release-linux-x86_64 | 1.1 | 2.17 | 25.38 | 27.55 | NOTE | |
r-release-windows-ix86+x86_64 | 1.1 | 7.00 | 35.00 | 42.00 | NOTE | |
r-release-osx-x86_64 | 1.1 | NOTE | ||||
r-oldrel-windows-ix86+x86_64 | 1.1 | 3.00 | 50.00 | 53.00 | NOTE | |
r-oldrel-osx-x86_64 | 1.1 | NOTE |
Version: 1.1
Check: R code for possible problems
Result: NOTE
dudewicz.unif.test: no visible global function definition for 'runif'
frosini.unif.test: no visible global function definition for 'runif'
hegazy.unif.test: no visible global function definition for 'runif'
kolmogorov.unif.test: no visible global function definition for 'runif'
kuiper.unif.test: no visible global function definition for 'runif'
neyman.unif.test: no visible global function definition for 'runif'
quesenberry.unif.test: no visible global function definition for
'runif'
sarkadi.unif.test: no visible global function definition for 'runif'
sherman.unif.test: no visible global function definition for 'runif'
Undefined global functions or variables:
runif
Consider adding
importFrom("stats", "runif")
to your NAMESPACE file.
Flavors: r-devel-linux-x86_64-debian-clang, r-devel-linux-x86_64-debian-gcc, r-devel-linux-x86_64-fedora-clang, r-devel-linux-x86_64-fedora-gcc, r-devel-windows-ix86+x86_64, r-devel-windows-ix86+x86_64-gcc8, r-patched-linux-x86_64, r-patched-solaris-x86, r-release-linux-x86_64, r-release-windows-ix86+x86_64, r-release-osx-x86_64, r-oldrel-windows-ix86+x86_64, r-oldrel-osx-x86_64