Last updated on 2019-11-26 00:52:16 CET.
Flavor | Version | Tinstall | Tcheck | Ttotal | Status | Flags |
---|---|---|---|---|---|---|
r-devel-linux-x86_64-debian-clang | 1.3-0 | 10.64 | 57.10 | 67.74 | OK | |
r-devel-linux-x86_64-debian-gcc | 1.3-0 | 8.68 | 44.19 | 52.87 | OK | |
r-devel-linux-x86_64-fedora-clang | 1.3-0 | 75.92 | NOTE | |||
r-devel-linux-x86_64-fedora-gcc | 1.3-0 | 71.83 | NOTE | |||
r-devel-windows-ix86+x86_64 | 1.3-0 | 25.00 | 113.00 | 138.00 | OK | |
r-devel-windows-ix86+x86_64-gcc8 | 1.3-0 | 23.00 | 82.00 | 105.00 | OK | |
r-patched-linux-x86_64 | 1.3-0 | 8.23 | 55.79 | 64.02 | OK | |
r-patched-solaris-x86 | 1.3-0 | 101.10 | OK | |||
r-release-linux-x86_64 | 1.3-0 | 9.61 | 55.88 | 65.49 | OK | |
r-release-windows-ix86+x86_64 | 1.3-0 | 26.00 | 77.00 | 103.00 | OK | |
r-release-osx-x86_64 | 1.3-0 | OK | ||||
r-oldrel-windows-ix86+x86_64 | 1.3-0 | 14.00 | 93.00 | 107.00 | OK | |
r-oldrel-osx-x86_64 | 1.3-0 | OK |
Version: 1.3-0
Check: compiled code
Result: NOTE
File ‘urca/libs/urca.so’:
Found no calls to: ‘R_registerRoutines’, ‘R_useDynamicSymbols’
It is good practice to register native routines and to disable symbol
search.
See ‘Writing portable packages’ in the ‘Writing R Extensions’ manual.
Flavors: r-devel-linux-x86_64-fedora-clang, r-devel-linux-x86_64-fedora-gcc