Last updated on 2019-11-26 00:52:16 CET.
Flavor | Version | Tinstall | Tcheck | Ttotal | Status | Flags |
---|---|---|---|---|---|---|
r-devel-linux-x86_64-debian-clang | 0.4.0 | 77.69 | 43.55 | 121.24 | OK | |
r-devel-linux-x86_64-debian-gcc | 0.4.0 | 48.75 | 34.50 | 83.25 | OK | |
r-devel-linux-x86_64-fedora-clang | 0.4.0 | 163.61 | OK | |||
r-devel-linux-x86_64-fedora-gcc | 0.4.0 | 150.66 | OK | |||
r-devel-windows-ix86+x86_64 | 0.4.0 | 262.00 | 382.00 | 644.00 | NOTE | |
r-devel-windows-ix86+x86_64-gcc8 | 0.4.0 | 275.00 | 334.00 | 609.00 | NOTE | |
r-patched-linux-x86_64 | 0.4.0 | 56.20 | 42.43 | 98.63 | OK | |
r-patched-solaris-x86 | 0.4.0 | 154.20 | OK | |||
r-release-linux-x86_64 | 0.4.0 | 55.83 | 43.29 | 99.12 | OK | |
r-release-windows-ix86+x86_64 | 0.4.0 | 244.00 | 399.00 | 643.00 | NOTE | |
r-release-osx-x86_64 | 0.4.0 | NOTE | ||||
r-oldrel-windows-ix86+x86_64 | 0.4.0 | 202.00 | 436.00 | 638.00 | NOTE | |
r-oldrel-osx-x86_64 | 0.4.0 | NOTE |
Version: 0.4.0
Check: installed package size
Result: NOTE
installed size is 79.1Mb
sub-directories of 1Mb or more:
extdata 1.0Mb
gdal 3.8Mb
libs 68.8Mb
proj 5.0Mb
Flavors: r-devel-windows-ix86+x86_64, r-devel-windows-ix86+x86_64-gcc8, r-release-windows-ix86+x86_64, r-release-osx-x86_64, r-oldrel-windows-ix86+x86_64, r-oldrel-osx-x86_64