Last updated on 2019-11-26 00:52:16 CET.
Flavor | Version | Tinstall | Tcheck | Ttotal | Status | Flags |
---|---|---|---|---|---|---|
r-devel-linux-x86_64-debian-clang | 1.1-2 | 7.39 | 69.60 | 76.99 | OK | |
r-devel-linux-x86_64-debian-gcc | 1.1-2 | 8.00 | 54.70 | 62.70 | OK | |
r-devel-linux-x86_64-fedora-clang | 1.1-2 | 89.27 | OK | |||
r-devel-linux-x86_64-fedora-gcc | 1.1-2 | 89.47 | OK | |||
r-devel-windows-ix86+x86_64 | 1.1-2 | 27.00 | 100.00 | 127.00 | OK | |
r-devel-windows-ix86+x86_64-gcc8 | 1.1-2 | 20.00 | 85.00 | 105.00 | OK | |
r-patched-linux-x86_64 | 1.1-2 | 8.74 | 66.19 | 74.93 | OK | |
r-patched-solaris-x86 | 1.1-2 | 150.10 | OK | |||
r-release-linux-x86_64 | 1.1-2 | 7.59 | 68.72 | 76.31 | OK | |
r-release-windows-ix86+x86_64 | 1.1-2 | 23.00 | 79.00 | 102.00 | OK | |
r-release-osx-x86_64 | 1.1-2 | WARN | ||||
r-oldrel-windows-ix86+x86_64 | 1.1-2 | 10.00 | 100.00 | 110.00 | OK | |
r-oldrel-osx-x86_64 | 1.1-2 | OK |
Version: 1.1-2
Check: whether package can be installed
Result: WARN
Found the following significant warnings:
Warning: 'rgl_init' failed, running with rgl.useNULL = TRUE
Flavor: r-release-osx-x86_64