Last updated on 2019-11-26 00:52:17 CET.
Flavor | Version | Tinstall | Tcheck | Ttotal | Status | Flags |
---|---|---|---|---|---|---|
r-devel-linux-x86_64-debian-clang | 2.2.0 | 46.04 | 219.49 | 265.53 | OK | |
r-devel-linux-x86_64-debian-gcc | 2.2.0 | 36.65 | 167.42 | 204.07 | OK | |
r-devel-linux-x86_64-fedora-clang | 2.2.0 | 291.20 | OK | |||
r-devel-linux-x86_64-fedora-gcc | 2.2.0 | 294.39 | OK | |||
r-devel-windows-ix86+x86_64 | 2.2.0 | 167.00 | 7.00 | 174.00 | ERROR | |
r-devel-windows-ix86+x86_64-gcc8 | 2.2.0 | 100.00 | 5.00 | 105.00 | ERROR | |
r-patched-linux-x86_64 | 2.2.0 | 49.71 | 217.56 | 267.27 | OK | |
r-patched-solaris-x86 | 2.2.0 | 399.80 | OK | |||
r-release-linux-x86_64 | 2.2.0 | 51.72 | 219.37 | 271.09 | OK | |
r-release-windows-ix86+x86_64 | 2.2.0 | 85.00 | 222.00 | 307.00 | OK | |
r-release-osx-x86_64 | 2.2.0 | OK | ||||
r-oldrel-windows-ix86+x86_64 | 2.2.0 | 37.00 | 271.00 | 308.00 | OK | |
r-oldrel-osx-x86_64 | 2.2.0 | OK |
Version: 2.2.0
Check: whether package can be installed
Result: ERROR
Installation failed.
Flavors: r-devel-windows-ix86+x86_64, r-devel-windows-ix86+x86_64-gcc8