CRAN Package Check Results for Package x3ptools

Last updated on 2019-11-26 00:52:17 CET.

Flavor Version Tinstall Tcheck Ttotal Status Flags
r-devel-linux-x86_64-debian-clang 0.0.2 5.46 48.89 54.35 OK
r-devel-linux-x86_64-debian-gcc 0.0.2 4.78 37.87 42.65 OK
r-devel-linux-x86_64-fedora-clang 0.0.2 62.38 OK
r-devel-linux-x86_64-fedora-gcc 0.0.2 61.24 OK
r-devel-windows-ix86+x86_64 0.0.2 24.00 76.00 100.00 OK
r-devel-windows-ix86+x86_64-gcc8 0.0.2 15.00 72.00 87.00 OK
r-patched-linux-x86_64 0.0.2 4.71 45.79 50.50 OK
r-patched-solaris-x86 0.0.2 106.40 OK
r-release-linux-x86_64 0.0.2 5.13 47.51 52.64 OK
r-release-windows-ix86+x86_64 0.0.2 18.00 106.00 124.00 OK
r-release-osx-x86_64 0.0.2 WARN
r-oldrel-windows-ix86+x86_64 0.0.2 7.00 105.00 112.00 OK
r-oldrel-osx-x86_64 0.0.2 OK

Check Details

Version: 0.0.2
Check: whether package can be installed
Result: WARN
    Found the following significant warnings:
     Warning: 'rgl_init' failed, running with rgl.useNULL = TRUE
Flavor: r-release-osx-x86_64