CRAN Package Check Results for Package zooaRchGUI

Last updated on 2019-11-26 00:52:17 CET.

Flavor Version Tinstall Tcheck Ttotal Status Flags
r-devel-linux-x86_64-debian-clang 1.0.2 31.64 138.66 170.30 OK
r-devel-linux-x86_64-debian-gcc 1.0.2 23.22 115.07 138.29 OK
r-devel-linux-x86_64-fedora-clang 1.0.2 178.34 OK
r-devel-linux-x86_64-fedora-gcc 1.0.2 185.18 OK
r-devel-windows-ix86+x86_64 1.0.2 87.00 207.00 294.00 OK
r-devel-windows-ix86+x86_64-gcc8 1.0.2 54.00 185.00 239.00 OK
r-patched-linux-x86_64 1.0.2 27.42 133.99 161.41 OK
r-patched-solaris-x86 1.0.2 388.70 OK
r-release-linux-x86_64 1.0.2 29.79 135.52 165.31 OK
r-release-windows-ix86+x86_64 1.0.2 81.00 213.00 294.00 OK
r-release-osx-x86_64 1.0.2 FAIL
r-oldrel-windows-ix86+x86_64 1.0.2 33.00 188.00 221.00 OK
r-oldrel-osx-x86_64 1.0.2 OK

Check Details

Version: 1.0.2
Check: whether package can be installed
Result: FAIL
    
Flavor: r-release-osx-x86_64