CRAN Package Check Results for Package zoocat

Last updated on 2019-11-26 00:52:17 CET.

Flavor Version Tinstall Tcheck Ttotal Status Flags
r-devel-linux-x86_64-debian-clang 0.2.0.1 5.24 44.49 49.73 NOTE
r-devel-linux-x86_64-debian-gcc 0.2.0.1 4.56 36.20 40.76 NOTE
r-devel-linux-x86_64-fedora-clang 0.2.0.1 58.52 NOTE
r-devel-linux-x86_64-fedora-gcc 0.2.0.1 58.51 NOTE
r-devel-windows-ix86+x86_64 0.2.0.1 15.00 66.00 81.00 NOTE
r-devel-windows-ix86+x86_64-gcc8 0.2.0.1 11.00 63.00 74.00 NOTE
r-patched-linux-x86_64 0.2.0.1 4.86 43.41 48.27 NOTE
r-patched-solaris-x86 0.2.0.1 93.90 NOTE
r-release-linux-x86_64 0.2.0.1 4.84 44.74 49.58 NOTE
r-release-windows-ix86+x86_64 0.2.0.1 12.00 80.00 92.00 NOTE
r-release-osx-x86_64 0.2.0.1 NOTE
r-oldrel-windows-ix86+x86_64 0.2.0.1 7.00 55.00 62.00 NOTE
r-oldrel-osx-x86_64 0.2.0.1 NOTE

Check Details

Version: 0.2.0.1
Check: Rd \usage sections
Result: NOTE
    S3 methods shown with full name in documentation object 'merge':
     'cbind.zoocat'
    
    The \usage entries for S3 methods should use the \method markup and not
    their full name.
    See chapter 'Writing R documentation files' in the 'Writing R
    Extensions' manual.
Flavors: r-devel-linux-x86_64-debian-clang, r-devel-linux-x86_64-debian-gcc, r-devel-linux-x86_64-fedora-clang, r-devel-linux-x86_64-fedora-gcc, r-devel-windows-ix86+x86_64, r-devel-windows-ix86+x86_64-gcc8, r-patched-linux-x86_64, r-patched-solaris-x86, r-release-linux-x86_64, r-release-windows-ix86+x86_64, r-release-osx-x86_64, r-oldrel-windows-ix86+x86_64, r-oldrel-osx-x86_64

Version: 0.2.0.1
Check: package vignettes
Result: NOTE
    Package vignette with placeholder title 'Vignette Title':
     'my-vignette.Rmd'
Flavors: r-devel-linux-x86_64-debian-clang, r-devel-linux-x86_64-debian-gcc, r-devel-windows-ix86+x86_64, r-devel-windows-ix86+x86_64-gcc8