Last updated on 2020-01-20 01:50:15 CET.
Flavor | Version | Tinstall | Tcheck | Ttotal | Status | Flags |
---|---|---|---|---|---|---|
r-devel-linux-x86_64-debian-clang | 0.1.9 | 11.45 | 45.47 | 56.92 | NOTE | |
r-devel-linux-x86_64-debian-gcc | 0.1.9 | 10.40 | 37.56 | 47.96 | NOTE | |
r-devel-linux-x86_64-fedora-clang | 0.1.9 | 124.30 | NOTE | |||
r-devel-linux-x86_64-fedora-gcc | 0.1.9 | 113.98 | NOTE | |||
r-devel-windows-ix86+x86_64 | 0.1.9 | 37.00 | 132.00 | 169.00 | OK | |
r-devel-windows-ix86+x86_64-gcc8 | 0.1.9 | 25.00 | 97.00 | 122.00 | OK | |
r-patched-linux-x86_64 | 0.1.9 | 9.91 | 38.93 | 48.84 | OK | |
r-patched-solaris-x86 | 0.1.9 | 148.30 | OK | |||
r-release-linux-x86_64 | 0.1.9 | 10.02 | 38.80 | 48.82 | OK | |
r-release-windows-ix86+x86_64 | 0.1.9 | 29.00 | 125.00 | 154.00 | OK | |
r-release-osx-x86_64 | 0.1.9 | WARN | ||||
r-oldrel-windows-ix86+x86_64 | 0.1.9 | 13.00 | 74.00 | 87.00 | OK | |
r-oldrel-osx-x86_64 | 0.1.9 | WARN |
Version: 0.1.9
Check: for non-standard things in the check directory
Result: NOTE
Found the following files/directories:
'ans_19-2.jpg' 'display2d_19-2.jpg' 'dist(3)_19-2.jpg'
'dist(4)_19-2.jpg' 'dist(mirror)_19-2.jpg' 'dist(mirror2)_19-2.jpg'
Flavors: r-devel-linux-x86_64-debian-clang, r-devel-linux-x86_64-debian-gcc, r-devel-linux-x86_64-fedora-clang, r-devel-linux-x86_64-fedora-gcc
Version: 0.1.9
Check: whether package can be installed
Result: WARN
Found the following significant warnings:
Warning: 'rgl_init' failed, running with rgl.useNULL = TRUE
Flavors: r-release-osx-x86_64, r-oldrel-osx-x86_64