Last updated on 2020-01-20 01:50:15 CET.
Flavor | Version | Tinstall | Tcheck | Ttotal | Status | Flags |
---|---|---|---|---|---|---|
r-devel-linux-x86_64-debian-clang | 2.0.5 | 13.56 | 77.58 | 91.14 | WARN | |
r-devel-linux-x86_64-debian-gcc | 2.0.5 | 11.42 | 57.91 | 69.33 | WARN | |
r-devel-linux-x86_64-fedora-clang | 2.0.5 | 111.82 | OK | |||
r-devel-linux-x86_64-fedora-gcc | 2.0.5 | 108.29 | WARN | |||
r-devel-windows-ix86+x86_64 | 2.0.5 | 31.00 | 119.00 | 150.00 | OK | |
r-devel-windows-ix86+x86_64-gcc8 | 2.0.5 | 21.00 | 92.00 | 113.00 | OK | |
r-patched-linux-x86_64 | 2.0.5 | 12.28 | 69.17 | 81.45 | OK | |
r-patched-solaris-x86 | 2.0.5 | 132.70 | OK | |||
r-release-linux-x86_64 | 2.0.5 | 12.65 | 69.44 | 82.09 | OK | |
r-release-windows-ix86+x86_64 | 2.0.5 | 22.00 | 119.00 | 141.00 | OK | |
r-release-osx-x86_64 | 2.0.5 | OK | ||||
r-oldrel-windows-ix86+x86_64 | 2.0.5 | 17.00 | 76.00 | 93.00 | OK | |
r-oldrel-osx-x86_64 | 2.0.5 | OK |
Version: 2.0.5
Check: whether package can be installed
Result: WARN
Found the following significant warnings:
code.c:1086:3: warning: ignoring return value of function declared with 'warn_unused_result' attribute [-Wunused-result]
code.c:1148:3: warning: ignoring return value of function declared with 'warn_unused_result' attribute [-Wunused-result]
code.c:1162:5: warning: ignoring return value of function declared with 'warn_unused_result' attribute [-Wunused-result]
Flavor: r-devel-linux-x86_64-debian-clang
Version: 2.0.5
Check: whether package can be installed
Result: WARN
Found the following significant warnings:
code.c:1148:3: warning: ignoring return value of ‘fgets’, declared with attribute warn_unused_result [-Wunused-result]
code.c:1162:5: warning: ignoring return value of ‘fgets’, declared with attribute warn_unused_result [-Wunused-result]
code.c:1086:3: warning: ignoring return value of ‘fgets’, declared with attribute warn_unused_result [-Wunused-result]
Flavors: r-devel-linux-x86_64-debian-gcc, r-devel-linux-x86_64-fedora-gcc