CRAN Package Check Results for Package AdhereR

Last updated on 2020-01-20 01:50:15 CET.

Flavor Version Tinstall Tcheck Ttotal Status Flags
r-devel-linux-x86_64-debian-clang 0.5 20.79 143.98 164.77 OK
r-devel-linux-x86_64-debian-gcc 0.5 16.16 123.22 139.38 OK
r-devel-linux-x86_64-fedora-clang 0.5 165.19 OK
r-devel-linux-x86_64-fedora-gcc 0.5 173.82 OK
r-devel-windows-ix86+x86_64 0.5 58.00 211.00 269.00 OK
r-devel-windows-ix86+x86_64-gcc8 0.5 44.00 137.00 181.00 OK
r-patched-linux-x86_64 0.5 17.19 129.06 146.25 OK
r-patched-solaris-x86 0.5 190.20 NOTE
r-release-linux-x86_64 0.5 18.62 128.86 147.48 OK
r-release-windows-ix86+x86_64 0.5 57.00 191.00 248.00 OK
r-release-osx-x86_64 0.5 OK
r-oldrel-windows-ix86+x86_64 0.5 25.00 129.00 154.00 OK
r-oldrel-osx-x86_64 0.5 OK

Check Details

Version: 0.5
Check: installed package size
Result: NOTE
     installed size is 5.2Mb
     sub-directories of 1Mb or more:
     doc 2.8Mb
Flavor: r-patched-solaris-x86