Last updated on 2020-01-20 01:50:15 CET.
Flavor | Version | Tinstall | Tcheck | Ttotal | Status | Flags |
---|---|---|---|---|---|---|
r-devel-linux-x86_64-debian-clang | 1.0 | 2.49 | 25.17 | 27.66 | NOTE | |
r-devel-linux-x86_64-debian-gcc | 1.0 | 2.28 | 19.65 | 21.93 | NOTE | |
r-devel-linux-x86_64-fedora-clang | 1.0 | 34.31 | NOTE | |||
r-devel-linux-x86_64-fedora-gcc | 1.0 | 34.08 | NOTE | |||
r-devel-windows-ix86+x86_64 | 1.0 | 9.00 | 43.00 | 52.00 | NOTE | |
r-devel-windows-ix86+x86_64-gcc8 | 1.0 | 6.00 | 34.00 | 40.00 | NOTE | |
r-patched-linux-x86_64 | 1.0 | 2.53 | 23.05 | 25.58 | NOTE | |
r-patched-solaris-x86 | 1.0 | 48.10 | NOTE | |||
r-release-linux-x86_64 | 1.0 | 2.19 | 23.41 | 25.60 | NOTE | |
r-release-windows-ix86+x86_64 | 1.0 | 4.00 | 44.00 | 48.00 | NOTE | |
r-release-osx-x86_64 | 1.0 | NOTE | ||||
r-oldrel-windows-ix86+x86_64 | 1.0 | 4.00 | 35.00 | 39.00 | NOTE | |
r-oldrel-osx-x86_64 | 1.0 | NOTE |
Version: 1.0
Check: R code for possible problems
Result: NOTE
dke.fun.default: no visible global function definition for 'hist'
kef: no visible global function definition for 'dbinom'
kef: no visible global function definition for 'dgamma'
kef: no visible global function definition for 'dlnorm'
plot.dke.fun: no visible global function definition for 'hist'
plot.dke.fun: no visible global function definition for 'lines'
plot.hcvc.fun1d: no visible global function definition for
'plot.default'
plot.hcvd.fun1d: no visible global function definition for
'plot.default'
plot.kern.fun1d: no visible global function definition for
'plot.default'
plot.kpmfe.fun1d: no visible global function definition for
'plot.default'
plot.reg.fun1d: no visible global function definition for
'plot.default'
simp_int: no visible global function definition for 'approx'
Undefined global functions or variables:
approx dbinom dgamma dlnorm hist lines plot.default
Consider adding
importFrom("graphics", "hist", "lines", "plot.default")
importFrom("stats", "approx", "dbinom", "dgamma", "dlnorm")
to your NAMESPACE file.
Flavors: r-devel-linux-x86_64-debian-clang, r-devel-linux-x86_64-debian-gcc, r-devel-linux-x86_64-fedora-clang, r-devel-linux-x86_64-fedora-gcc, r-devel-windows-ix86+x86_64, r-devel-windows-ix86+x86_64-gcc8, r-patched-linux-x86_64, r-patched-solaris-x86, r-release-linux-x86_64, r-release-windows-ix86+x86_64, r-release-osx-x86_64, r-oldrel-windows-ix86+x86_64, r-oldrel-osx-x86_64