Last updated on 2020-01-20 01:50:15 CET.
Flavor | Version | Tinstall | Tcheck | Ttotal | Status | Flags |
---|---|---|---|---|---|---|
r-devel-linux-x86_64-debian-clang | 0.95 | 2.27 | 20.29 | 22.56 | NOTE | |
r-devel-linux-x86_64-debian-gcc | 0.95 | 1.73 | 16.03 | 17.76 | NOTE | |
r-devel-linux-x86_64-fedora-clang | 0.95 | 28.11 | NOTE | |||
r-devel-linux-x86_64-fedora-gcc | 0.95 | 28.21 | NOTE | |||
r-devel-windows-ix86+x86_64 | 0.95 | 7.00 | 38.00 | 45.00 | NOTE | |
r-devel-windows-ix86+x86_64-gcc8 | 0.95 | 5.00 | 30.00 | 35.00 | NOTE | |
r-patched-linux-x86_64 | 0.95 | 1.69 | 18.55 | 20.24 | NOTE | |
r-patched-solaris-x86 | 0.95 | 39.50 | NOTE | |||
r-release-linux-x86_64 | 0.95 | 1.69 | 18.55 | 20.24 | NOTE | |
r-release-windows-ix86+x86_64 | 0.95 | 5.00 | 37.00 | 42.00 | NOTE | |
r-release-osx-x86_64 | 0.95 | NOTE | ||||
r-oldrel-windows-ix86+x86_64 | 0.95 | 3.00 | 26.00 | 29.00 | NOTE | |
r-oldrel-osx-x86_64 | 0.95 | NOTE |
Version: 0.95
Check: DESCRIPTION meta-information
Result: NOTE
Malformed Title field: should not end in a period.
Flavors: r-devel-linux-x86_64-debian-clang, r-devel-linux-x86_64-debian-gcc, r-devel-linux-x86_64-fedora-clang, r-devel-linux-x86_64-fedora-gcc, r-devel-windows-ix86+x86_64, r-devel-windows-ix86+x86_64-gcc8, r-patched-linux-x86_64, r-patched-solaris-x86, r-release-linux-x86_64, r-release-windows-ix86+x86_64, r-release-osx-x86_64, r-oldrel-windows-ix86+x86_64, r-oldrel-osx-x86_64