Last updated on 2020-01-20 01:50:15 CET.
Flavor | Version | Tinstall | Tcheck | Ttotal | Status | Flags |
---|---|---|---|---|---|---|
r-devel-linux-x86_64-debian-clang | 1.0.4 | 10.13 | 58.86 | 68.99 | OK | |
r-devel-linux-x86_64-debian-gcc | 1.0.4 | 9.76 | 44.17 | 53.93 | OK | |
r-devel-linux-x86_64-fedora-clang | 1.0.4 | 83.85 | NOTE | |||
r-devel-linux-x86_64-fedora-gcc | 1.0.4 | 82.37 | NOTE | |||
r-devel-windows-ix86+x86_64 | 1.0.4 | 29.00 | 115.00 | 144.00 | OK | |
r-devel-windows-ix86+x86_64-gcc8 | 1.0.4 | 23.00 | 72.00 | 95.00 | OK | |
r-patched-linux-x86_64 | 1.0.4 | 7.95 | 49.91 | 57.86 | OK | |
r-patched-solaris-x86 | 1.0.4 | 96.20 | NOTE | |||
r-release-linux-x86_64 | 1.0.4 | 8.15 | 51.73 | 59.88 | OK | |
r-release-windows-ix86+x86_64 | 1.0.4 | 24.00 | 91.00 | 115.00 | OK | |
r-release-osx-x86_64 | 1.0.4 | NOTE | ||||
r-oldrel-windows-ix86+x86_64 | 1.0.4 | 13.00 | 59.00 | 72.00 | OK | |
r-oldrel-osx-x86_64 | 1.0.4 | NOTE |
Version: 1.0.4
Check: dependencies in R code
Result: NOTE
Namespace in Imports field not imported from: ‘tibble’
All declared Imports should be used.
Flavors: r-devel-linux-x86_64-fedora-clang, r-devel-linux-x86_64-fedora-gcc, r-patched-solaris-x86, r-release-osx-x86_64, r-oldrel-osx-x86_64