Last updated on 2020-01-20 01:50:15 CET.
Flavor | Version | Tinstall | Tcheck | Ttotal | Status | Flags |
---|---|---|---|---|---|---|
r-devel-linux-x86_64-debian-clang | 3.1.0 | 6.00 | 40.20 | 46.20 | OK | |
r-devel-linux-x86_64-debian-gcc | 3.1.0 | 4.49 | 31.46 | 35.95 | OK | |
r-devel-linux-x86_64-fedora-clang | 3.1.0 | 56.83 | NOTE | |||
r-devel-linux-x86_64-fedora-gcc | 3.1.0 | 57.61 | NOTE | |||
r-devel-windows-ix86+x86_64 | 3.1.0 | 15.00 | 71.00 | 86.00 | OK | |
r-devel-windows-ix86+x86_64-gcc8 | 3.1.0 | 16.00 | 69.00 | 85.00 | OK | |
r-patched-linux-x86_64 | 3.1.0 | 5.82 | 36.52 | 42.34 | OK | |
r-patched-solaris-x86 | 3.1.0 | 69.10 | NOTE | |||
r-release-linux-x86_64 | 3.1.0 | 4.88 | 36.47 | 41.35 | OK | |
r-release-windows-ix86+x86_64 | 3.1.0 | 13.00 | 67.00 | 80.00 | OK | |
r-release-osx-x86_64 | 3.1.0 | NOTE | ||||
r-oldrel-windows-ix86+x86_64 | 3.1.0 | 7.00 | 47.00 | 54.00 | OK | |
r-oldrel-osx-x86_64 | 3.1.0 | NOTE |
Version: 3.1.0
Check: dependencies in R code
Result: NOTE
Namespace in Imports field not imported from: ‘R6’
All declared Imports should be used.
Flavors: r-devel-linux-x86_64-fedora-clang, r-devel-linux-x86_64-fedora-gcc, r-patched-solaris-x86, r-release-osx-x86_64, r-oldrel-osx-x86_64