Last updated on 2020-01-20 01:50:15 CET.
Flavor | Version | Tinstall | Tcheck | Ttotal | Status | Flags |
---|---|---|---|---|---|---|
r-devel-linux-x86_64-debian-clang | 2.7 | 163.29 | 165.25 | 328.54 | OK | |
r-devel-linux-x86_64-debian-gcc | 2.7 | 104.53 | 121.80 | 226.33 | OK | |
r-devel-linux-x86_64-fedora-clang | 2.7 | 442.45 | NOTE | |||
r-devel-linux-x86_64-fedora-gcc | 2.7 | 411.21 | OK | |||
r-devel-windows-ix86+x86_64 | 2.7 | 381.00 | 258.00 | 639.00 | NOTE | |
r-devel-windows-ix86+x86_64-gcc8 | 2.7 | 296.00 | 203.00 | 499.00 | NOTE | |
r-patched-linux-x86_64 | 2.7 | 119.13 | 148.23 | 267.36 | OK | |
r-patched-solaris-x86 | 2.7 | 449.40 | NOTE | |||
r-release-linux-x86_64 | 2.7 | 120.30 | 149.57 | 269.87 | OK | |
r-release-windows-ix86+x86_64 | 2.7 | 391.00 | 171.00 | 562.00 | NOTE | |
r-release-osx-x86_64 | 2.7 | NOTE | ||||
r-oldrel-windows-ix86+x86_64 | 2.7 | 273.00 | 159.00 | 432.00 | NOTE | |
r-oldrel-osx-x86_64 | 2.7 | NOTE |
Version: 2.7
Check: installed package size
Result: NOTE
installed size is 10.6Mb
sub-directories of 1Mb or more:
data 3.2Mb
doc 1.1Mb
libs 5.1Mb
Flavors: r-devel-linux-x86_64-fedora-clang, r-devel-windows-ix86+x86_64, r-devel-windows-ix86+x86_64-gcc8, r-patched-solaris-x86, r-release-windows-ix86+x86_64, r-release-osx-x86_64, r-oldrel-windows-ix86+x86_64, r-oldrel-osx-x86_64