Last updated on 2020-01-20 01:50:15 CET.
Flavor | Version | Tinstall | Tcheck | Ttotal | Status | Flags |
---|---|---|---|---|---|---|
r-devel-linux-x86_64-debian-clang | 1.6.0 | 18.19 | 174.60 | 192.79 | OK | |
r-devel-linux-x86_64-debian-gcc | 1.6.0 | 16.11 | 125.81 | 141.92 | OK | |
r-devel-linux-x86_64-fedora-clang | 1.6.0 | 223.24 | OK | |||
r-devel-linux-x86_64-fedora-gcc | 1.6.0 | 227.65 | OK | |||
r-devel-windows-ix86+x86_64 | 1.6.0 | 62.00 | 239.00 | 301.00 | OK | |
r-devel-windows-ix86+x86_64-gcc8 | 1.6.0 | 44.00 | 175.00 | 219.00 | OK | |
r-patched-linux-x86_64 | 1.6.0 | 15.97 | 144.78 | 160.75 | OK | |
r-patched-solaris-x86 | 1.6.0 | 284.60 | OK | |||
r-release-linux-x86_64 | 1.6.0 | 16.07 | 149.58 | 165.65 | OK | |
r-release-windows-ix86+x86_64 | 1.6.0 | 52.00 | 144.00 | 196.00 | OK | |
r-release-osx-x86_64 | 1.6.0 | WARN | ||||
r-oldrel-windows-ix86+x86_64 | 1.6.0 | 18.00 | 146.00 | 164.00 | OK | |
r-oldrel-osx-x86_64 | 1.6.0 | WARN |
Version: 1.6.0
Check: whether package can be installed
Result: WARN
Found the following significant warnings:
Warning: 'rgl_init' failed, running with rgl.useNULL = TRUE
Flavors: r-release-osx-x86_64, r-oldrel-osx-x86_64