CRAN Package Check Results for Package BBmisc

Last updated on 2020-01-20 01:50:16 CET.

Flavor Version Tinstall Tcheck Ttotal Status Flags
r-devel-linux-x86_64-debian-clang 1.11 6.82 42.02 48.84 OK
r-devel-linux-x86_64-debian-gcc 1.11 4.43 32.34 36.77 OK
r-devel-linux-x86_64-fedora-clang 1.11 57.89 OK
r-devel-linux-x86_64-fedora-gcc 1.11 57.27 OK
r-devel-windows-ix86+x86_64 1.11 27.00 96.00 123.00 OK
r-devel-windows-ix86+x86_64-gcc8 1.11 16.00 76.00 92.00 OK
r-patched-linux-x86_64 1.11 5.42 37.80 43.22 OK
r-patched-solaris-x86 1.11 73.90 OK
r-release-linux-x86_64 1.11 4.53 38.30 42.83 OK
r-release-windows-ix86+x86_64 1.11 25.00 101.00 126.00 ERROR
r-release-osx-x86_64 1.11 OK
r-oldrel-windows-ix86+x86_64 1.11 13.00 64.00 77.00 OK
r-oldrel-osx-x86_64 1.11 OK

Additional issues

rchk

Check Details

Version: 1.11
Check: whether package can be installed
Result: ERROR
    Installation failed.
Flavor: r-release-windows-ix86+x86_64