Last updated on 2020-01-20 01:50:16 CET.
Flavor | Version | Tinstall | Tcheck | Ttotal | Status | Flags |
---|---|---|---|---|---|---|
r-devel-linux-x86_64-debian-clang | 1.0.1 | 27.03 | 533.71 | 560.74 | OK | |
r-devel-linux-x86_64-debian-gcc | 1.0.1 | 20.05 | 335.48 | 355.53 | OK | |
r-devel-linux-x86_64-fedora-clang | 1.0.1 | 544.69 | NOTE | |||
r-devel-linux-x86_64-fedora-gcc | 1.0.1 | 480.91 | NOTE | |||
r-devel-windows-ix86+x86_64 | 1.0.1 | 69.00 | 410.00 | 479.00 | OK | --no-vignettes |
r-devel-windows-ix86+x86_64-gcc8 | 1.0.1 | 54.00 | 527.00 | 581.00 | OK | --no-vignettes |
r-patched-linux-x86_64 | 1.0.1 | 21.72 | 408.18 | 429.90 | OK | |
r-patched-solaris-x86 | 1.0.1 | 735.20 | OK | |||
r-release-linux-x86_64 | 1.0.1 | 22.02 | 406.59 | 428.61 | OK | |
r-release-windows-ix86+x86_64 | 1.0.1 | 73.00 | 418.00 | 491.00 | OK | --no-vignettes |
r-release-osx-x86_64 | 1.0.1 | OK | ||||
r-oldrel-windows-ix86+x86_64 | 1.0.1 | 38.00 | 493.00 | 531.00 | OK | --no-vignettes |
r-oldrel-osx-x86_64 | 1.0.1 | OK |
Version: 1.0.1
Check: compiled code
Result: NOTE
File ‘BTYDplus/libs/BTYDplus.so’:
Found no calls to: ‘R_registerRoutines’, ‘R_useDynamicSymbols’
It is good practice to register native routines and to disable symbol
search.
See ‘Writing portable packages’ in the ‘Writing R Extensions’ manual.
Flavors: r-devel-linux-x86_64-fedora-clang, r-devel-linux-x86_64-fedora-gcc