CRAN Package Check Results for Package BVSNLP

Last updated on 2020-01-20 01:50:16 CET.

Flavor Version Tinstall Tcheck Ttotal Status Flags
r-devel-linux-x86_64-debian-clang 1.1.8 67.67 36.24 103.91 OK
r-devel-linux-x86_64-debian-gcc 1.1.8 61.03 29.99 91.02 OK
r-devel-linux-x86_64-fedora-clang 1.1.8 145.84 NOTE
r-devel-linux-x86_64-fedora-gcc 1.1.8 156.27 OK
r-devel-windows-ix86+x86_64 1.1.8 162.00 128.00 290.00 OK
r-devel-windows-ix86+x86_64-gcc8 1.1.8 122.00 100.00 222.00 OK
r-patched-linux-x86_64 1.1.8 65.42 35.14 100.56 OK
r-patched-solaris-x86 1.1.8 154.30 OK
r-release-linux-x86_64 1.1.8 63.55 35.11 98.66 OK
r-release-windows-ix86+x86_64 1.1.8 166.00 98.00 264.00 OK
r-release-osx-x86_64 1.1.8 NOTE
r-oldrel-windows-ix86+x86_64 1.1.8 110.00 90.00 200.00 OK
r-oldrel-osx-x86_64 1.1.8 NOTE

Check Details

Version: 1.1.8
Check: installed package size
Result: NOTE
     installed size is 17.5Mb
     sub-directories of 1Mb or more:
     libs 17.3Mb
Flavors: r-devel-linux-x86_64-fedora-clang, r-release-osx-x86_64, r-oldrel-osx-x86_64

Version: 1.1.8
Check: package dependencies
Result: NOTE
    Package suggested but not available for checking: ‘doMPI’
Flavors: r-release-osx-x86_64, r-oldrel-osx-x86_64