CRAN Package Check Results for Package BayesMallows

Last updated on 2020-01-20 01:50:15 CET.

Flavor Version Tinstall Tcheck Ttotal Status Flags
r-devel-linux-x86_64-debian-clang 0.4.1 169.26 77.95 247.21 OK
r-devel-linux-x86_64-debian-gcc 0.4.1 108.88 58.16 167.04 OK
r-devel-linux-x86_64-fedora-clang 0.4.1 333.43 NOTE
r-devel-linux-x86_64-fedora-gcc 0.4.1 326.50 OK
r-devel-windows-ix86+x86_64 0.4.1 412.00 203.00 615.00 OK
r-devel-windows-ix86+x86_64-gcc8 0.4.1 376.00 152.00 528.00 OK
r-patched-linux-x86_64 0.4.1 134.98 68.36 203.34 OK
r-patched-solaris-x86 0.4.1 294.80 OK
r-release-linux-x86_64 0.4.1 125.25 67.89 193.14 OK
r-release-windows-ix86+x86_64 0.4.1 430.00 184.00 614.00 OK
r-release-osx-x86_64 0.4.1 OK
r-oldrel-windows-ix86+x86_64 0.4.1 295.00 116.00 411.00 OK
r-oldrel-osx-x86_64 0.4.1 OK

Check Details

Version: 0.4.1
Check: installed package size
Result: NOTE
     installed size is 5.7Mb
     sub-directories of 1Mb or more:
     libs 5.1Mb
Flavor: r-devel-linux-x86_64-fedora-clang