Last updated on 2020-01-20 01:50:15 CET.
Flavor | Version | Tinstall | Tcheck | Ttotal | Status | Flags |
---|---|---|---|---|---|---|
r-devel-linux-x86_64-debian-clang | 0.1.5 | 8.12 | 59.92 | 68.04 | OK | |
r-devel-linux-x86_64-debian-gcc | 0.1.5 | 5.71 | 46.08 | 51.79 | OK | |
r-devel-linux-x86_64-fedora-clang | 0.1.5 | 82.89 | NOTE | |||
r-devel-linux-x86_64-fedora-gcc | 0.1.5 | 82.47 | NOTE | |||
r-devel-windows-ix86+x86_64 | 0.1.5 | 40.00 | 124.00 | 164.00 | OK | |
r-devel-windows-ix86+x86_64-gcc8 | 0.1.5 | 24.00 | 81.00 | 105.00 | OK | |
r-patched-linux-x86_64 | 0.1.5 | 6.54 | 53.54 | 60.08 | OK | |
r-patched-solaris-x86 | 0.1.5 | 123.60 | NOTE | |||
r-release-linux-x86_64 | 0.1.5 | 5.92 | 52.66 | 58.58 | OK | |
r-release-windows-ix86+x86_64 | 0.1.5 | 27.00 | 116.00 | 143.00 | OK | |
r-release-osx-x86_64 | 0.1.5 | NOTE | ||||
r-oldrel-windows-ix86+x86_64 | 0.1.5 | 13.00 | 72.00 | 85.00 | OK | |
r-oldrel-osx-x86_64 | 0.1.5 | NOTE |
Version: 0.1.5
Check: dependencies in R code
Result: NOTE
Namespaces in Imports field not imported from:
‘shinytest’ ‘testthat’
All declared Imports should be used.
Flavors: r-devel-linux-x86_64-fedora-clang, r-devel-linux-x86_64-fedora-gcc, r-patched-solaris-x86, r-release-osx-x86_64, r-oldrel-osx-x86_64