CRAN Package Check Results for Package Blaunet

Last updated on 2020-01-20 01:50:16 CET.

Flavor Version Tinstall Tcheck Ttotal Status Flags
r-devel-linux-x86_64-debian-clang 2.0.8 4.50 44.88 49.38 OK
r-devel-linux-x86_64-debian-gcc 2.0.8 3.99 33.38 37.37 OK
r-devel-linux-x86_64-fedora-clang 2.0.8 58.65 NOTE
r-devel-linux-x86_64-fedora-gcc 2.0.8 58.96 NOTE
r-devel-windows-ix86+x86_64 2.0.8 18.00 82.00 100.00 OK
r-devel-windows-ix86+x86_64-gcc8 2.0.8 14.00 56.00 70.00 OK
r-patched-linux-x86_64 2.0.8 3.40 40.20 43.60 OK
r-patched-solaris-x86 2.0.8 79.10 NOTE
r-release-linux-x86_64 2.0.8 3.50 39.96 43.46 OK
r-release-windows-ix86+x86_64 2.0.8 12.00 77.00 89.00 OK
r-release-osx-x86_64 2.0.8 NOTE
r-oldrel-windows-ix86+x86_64 2.0.8 5.00 47.00 52.00 OK
r-oldrel-osx-x86_64 2.0.8 NOTE

Check Details

Version: 2.0.8
Check: dependencies in R code
Result: NOTE
    Namespaces in Imports field not imported from:
     ‘RGtk2’ ‘cairoDevice’ ‘ergm’ ‘foreign’ ‘gWidgets’ ‘gWidgetsRGtk2’
     ‘haven’ ‘plot3D’ ‘plot3Drgl’ ‘rgl’ ‘sna’ ‘statnet.common’
     All declared Imports should be used.
Flavors: r-devel-linux-x86_64-fedora-clang, r-devel-linux-x86_64-fedora-gcc, r-patched-solaris-x86, r-release-osx-x86_64, r-oldrel-osx-x86_64