CRAN Package Check Results for Package Boom

Last updated on 2020-01-20 01:50:16 CET.

Flavor Version Tinstall Tcheck Ttotal Status Flags
r-devel-linux-x86_64-debian-clang 0.9.3 1759.32 38.23 1797.55 NOTE
r-devel-linux-x86_64-debian-gcc 0.9.3 1198.84 37.45 1236.29 NOTE
r-devel-linux-x86_64-fedora-clang 0.9.3 2403.03 NOTE
r-devel-linux-x86_64-fedora-gcc 0.9.3 2268.57 NOTE
r-devel-windows-ix86+x86_64 0.9.3 748.00 80.00 828.00 NOTE
r-devel-windows-ix86+x86_64-gcc8 0.9.3 3238.00 69.00 3307.00 NOTE
r-patched-linux-x86_64 0.9.3 1519.59 43.47 1563.06 NOTE
r-release-linux-x86_64 0.9.3 1521.34 42.81 1564.15 NOTE
r-release-windows-ix86+x86_64 0.9.3 719.00 72.00 791.00 NOTE
r-release-osx-x86_64 0.9.3 NOTE
r-oldrel-windows-ix86+x86_64 0.9.3 579.00 45.00 624.00 NOTE
r-oldrel-osx-x86_64 0.9.3 NOTE

Check Details

Version: 0.9.3
Check: for GNU extensions in Makefiles
Result: NOTE
    GNU make is a SystemRequirements.
Flavors: r-devel-linux-x86_64-debian-clang, r-devel-linux-x86_64-debian-gcc, r-devel-linux-x86_64-fedora-clang, r-devel-linux-x86_64-fedora-gcc, r-devel-windows-ix86+x86_64, r-devel-windows-ix86+x86_64-gcc8, r-patched-linux-x86_64, r-release-linux-x86_64, r-release-windows-ix86+x86_64, r-release-osx-x86_64, r-oldrel-windows-ix86+x86_64, r-oldrel-osx-x86_64

Version: 0.9.3
Check: installed package size
Result: NOTE
     installed size is 393.0Mb
     sub-directories of 1Mb or more:
     include 8.8Mb
     lib 383.8Mb
Flavors: r-devel-linux-x86_64-fedora-clang, r-devel-windows-ix86+x86_64, r-devel-windows-ix86+x86_64-gcc8, r-release-windows-ix86+x86_64, r-release-osx-x86_64, r-oldrel-windows-ix86+x86_64, r-oldrel-osx-x86_64