Last updated on 2020-01-20 01:50:17 CET.
Flavor | Version | Tinstall | Tcheck | Ttotal | Status | Flags |
---|---|---|---|---|---|---|
r-devel-linux-x86_64-debian-clang | 3.0.1 | 15.89 | 180.98 | 196.87 | OK | |
r-devel-linux-x86_64-debian-gcc | 3.0.1 | 13.11 | 136.16 | 149.27 | OK | |
r-devel-linux-x86_64-fedora-clang | 3.0.1 | 244.28 | OK | |||
r-devel-linux-x86_64-fedora-gcc | 3.0.1 | 252.45 | OK | |||
r-devel-windows-ix86+x86_64 | 3.0.1 | 39.00 | 308.00 | 347.00 | OK | |
r-devel-windows-ix86+x86_64-gcc8 | 3.0.1 | 27.00 | 263.00 | 290.00 | OK | |
r-patched-linux-x86_64 | 3.0.1 | 11.58 | 157.49 | 169.07 | OK | |
r-patched-solaris-x86 | 3.0.1 | 341.40 | OK | |||
r-release-linux-x86_64 | 3.0.1 | 12.75 | 158.68 | 171.43 | OK | |
r-release-windows-ix86+x86_64 | 3.0.1 | 27.00 | 307.00 | 334.00 | OK | |
r-release-osx-x86_64 | 3.0.1 | OK | ||||
r-oldrel-osx-x86_64 | 3.0.1 | ERROR |
Version: 3.0.1
Check: whether package can be installed
Result: ERROR
Installation failed.
Flavor: r-oldrel-osx-x86_64