CRAN Package Check Results for Package CISE

Last updated on 2020-01-20 01:50:17 CET.

Flavor Version Tinstall Tcheck Ttotal Status Flags
r-devel-linux-x86_64-debian-clang 0.1.0 8.76 82.17 90.93 NOTE
r-devel-linux-x86_64-debian-gcc 0.1.0 8.31 62.69 71.00 NOTE
r-devel-linux-x86_64-fedora-clang 0.1.0 109.77 OK
r-devel-linux-x86_64-fedora-gcc 0.1.0 114.09 OK
r-devel-windows-ix86+x86_64 0.1.0 23.00 125.00 148.00 NOTE
r-devel-windows-ix86+x86_64-gcc8 0.1.0 18.00 90.00 108.00 NOTE
r-patched-linux-x86_64 0.1.0 8.11 75.46 83.57 OK
r-patched-solaris-x86 0.1.0 172.70 OK
r-release-linux-x86_64 0.1.0 7.85 75.32 83.17 OK
r-release-windows-ix86+x86_64 0.1.0 19.00 115.00 134.00 OK
r-release-osx-x86_64 0.1.0 OK
r-oldrel-windows-ix86+x86_64 0.1.0 10.00 85.00 95.00 OK
r-oldrel-osx-x86_64 0.1.0 OK

Check Details

Version: 0.1.0
Check: package vignettes
Result: NOTE
    Package vignette with placeholder title 'Vignette Title':
     'CISE_vignette.Rmd'
Flavors: r-devel-linux-x86_64-debian-clang, r-devel-linux-x86_64-debian-gcc, r-devel-windows-ix86+x86_64, r-devel-windows-ix86+x86_64-gcc8