Last updated on 2020-01-20 01:50:17 CET.
Flavor | Version | Tinstall | Tcheck | Ttotal | Status | Flags |
---|---|---|---|---|---|---|
r-devel-linux-x86_64-debian-clang | 1.3.0 | 10.33 | 144.78 | 155.11 | NOTE | |
r-devel-linux-x86_64-debian-gcc | 1.3.0 | 10.54 | 110.33 | 120.87 | NOTE | |
r-devel-linux-x86_64-fedora-clang | 1.3.0 | 185.43 | NOTE | |||
r-devel-linux-x86_64-fedora-gcc | 1.3.0 | 188.75 | NOTE | |||
r-devel-windows-ix86+x86_64 | 1.3.0 | 31.00 | 151.00 | 182.00 | OK | |
r-devel-windows-ix86+x86_64-gcc8 | 1.3.0 | 18.00 | 145.00 | 163.00 | OK | |
r-patched-linux-x86_64 | 1.3.0 | 10.01 | 129.77 | 139.78 | OK | |
r-patched-solaris-x86 | 1.3.0 | 248.40 | OK | |||
r-release-linux-x86_64 | 1.3.0 | 12.26 | 128.96 | 141.22 | OK | |
r-release-windows-ix86+x86_64 | 1.3.0 | 24.00 | 139.00 | 163.00 | OK | |
r-release-osx-x86_64 | 1.3.0 | OK | ||||
r-oldrel-windows-ix86+x86_64 | 1.3.0 | 14.00 | 155.00 | 169.00 | OK | |
r-oldrel-osx-x86_64 | 1.3.0 | OK |
Version: 1.3.0
Check: for non-standard things in the check directory
Result: NOTE
Found the following files/directories:
'MDA231_tree.pdf'
Flavors: r-devel-linux-x86_64-debian-clang, r-devel-linux-x86_64-debian-gcc, r-devel-linux-x86_64-fedora-clang, r-devel-linux-x86_64-fedora-gcc