CRAN Package Check Results for Package Census2016

Last updated on 2020-01-20 01:50:17 CET.

Flavor Version Tinstall Tcheck Ttotal Status Flags
r-devel-linux-x86_64-debian-clang 0.2.0 8.86 45.55 54.41 OK
r-devel-linux-x86_64-debian-gcc 0.2.0 8.20 36.25 44.45 OK
r-devel-linux-x86_64-fedora-clang 0.2.0 68.12 NOTE
r-devel-linux-x86_64-fedora-gcc 0.2.0 69.48 NOTE
r-devel-windows-ix86+x86_64 0.2.0 25.00 73.00 98.00 OK
r-devel-windows-ix86+x86_64-gcc8 0.2.0 14.00 54.00 68.00 OK
r-patched-linux-x86_64 0.2.0 9.10 43.22 52.32 OK
r-patched-solaris-x86 0.2.0 82.40 NOTE
r-release-linux-x86_64 0.2.0 9.39 43.81 53.20 OK
r-release-windows-ix86+x86_64 0.2.0 18.00 75.00 93.00 OK
r-release-osx-x86_64 0.2.0 NOTE
r-oldrel-windows-ix86+x86_64 0.2.0 12.00 49.00 61.00 OK
r-oldrel-osx-x86_64 0.2.0 NOTE

Check Details

Version: 0.2.0
Check: dependencies in R code
Result: NOTE
    Namespace in Imports field not imported from: ‘data.table’
     All declared Imports should be used.
Flavors: r-devel-linux-x86_64-fedora-clang, r-devel-linux-x86_64-fedora-gcc, r-patched-solaris-x86, r-release-osx-x86_64, r-oldrel-osx-x86_64