Last updated on 2020-01-20 01:50:17 CET.
Flavor | Version | Tinstall | Tcheck | Ttotal | Status | Flags |
---|---|---|---|---|---|---|
r-devel-linux-x86_64-debian-clang | 5.1.48 | 7.30 | 121.19 | 128.49 | OK | |
r-devel-linux-x86_64-debian-gcc | 5.1.48 | 4.88 | 94.45 | 99.33 | OK | |
r-devel-linux-x86_64-fedora-clang | 5.1.48 | 155.50 | OK | |||
r-devel-linux-x86_64-fedora-gcc | 5.1.48 | 155.56 | OK | |||
r-devel-windows-ix86+x86_64 | 5.1.48 | 17.00 | 182.00 | 199.00 | OK | |
r-devel-windows-ix86+x86_64-gcc8 | 5.1.48 | 12.00 | 142.00 | 154.00 | OK | |
r-patched-linux-x86_64 | 5.1.48 | 5.51 | 113.03 | 118.54 | OK | |
r-patched-solaris-x86 | 5.1.48 | 142.70 | OK | |||
r-release-linux-x86_64 | 5.1.48 | 4.92 | 113.21 | 118.13 | OK | |
r-release-windows-ix86+x86_64 | 5.1.48 | 18.00 | 184.00 | 202.00 | OK | |
r-release-osx-x86_64 | 5.1.48 | NOTE | ||||
r-oldrel-windows-ix86+x86_64 | 5.1.48 | 8.00 | 105.00 | 113.00 | OK | |
r-oldrel-osx-x86_64 | 5.1.48 | OK |
Version: 5.1.48
Check: dependencies in R code
Result: NOTE
No protocol specified
Flavor: r-release-osx-x86_64