Last updated on 2020-01-20 01:50:17 CET.
Flavor | Version | Tinstall | Tcheck | Ttotal | Status | Flags |
---|---|---|---|---|---|---|
r-devel-linux-x86_64-debian-clang | 3.6 | 15.91 | 132.15 | 148.06 | OK | |
r-devel-linux-x86_64-debian-gcc | 3.6 | 15.43 | 100.67 | 116.10 | OK | |
r-devel-linux-x86_64-fedora-clang | 3.6 | 172.74 | OK | |||
r-devel-linux-x86_64-fedora-gcc | 3.6 | 173.60 | OK | |||
r-devel-windows-ix86+x86_64 | 3.6 | 40.00 | 212.00 | 252.00 | OK | |
r-devel-windows-ix86+x86_64-gcc8 | 3.6 | 29.00 | 151.00 | 180.00 | OK | |
r-patched-linux-x86_64 | 3.6 | 12.69 | 112.76 | 125.45 | OK | |
r-patched-solaris-x86 | 3.6 | 215.50 | OK | |||
r-release-linux-x86_64 | 3.6 | 14.07 | 112.96 | 127.03 | OK | |
r-release-windows-ix86+x86_64 | 3.6 | 33.00 | 134.00 | 167.00 | OK | |
r-release-osx-x86_64 | 3.6 | OK | ||||
r-oldrel-windows-ix86+x86_64 | 3.5 | 19.00 | 126.00 | 145.00 | OK | |
r-oldrel-osx-x86_64 | 3.6 | ERROR |
Version: 3.6
Check: whether package can be installed
Result: ERROR
Installation failed.
Flavor: r-oldrel-osx-x86_64