Last updated on 2020-01-20 01:50:18 CET.
Flavor | Version | Tinstall | Tcheck | Ttotal | Status | Flags |
---|---|---|---|---|---|---|
r-devel-linux-x86_64-debian-clang | 1.3.0 | 9.97 | 41.72 | 51.69 | OK | |
r-devel-linux-x86_64-debian-gcc | 1.3.0 | 7.11 | 33.71 | 40.82 | OK | |
r-devel-linux-x86_64-fedora-clang | 1.3.0 | 63.47 | OK | |||
r-devel-linux-x86_64-fedora-gcc | 1.3.0 | 63.34 | OK | |||
r-devel-windows-ix86+x86_64 | 1.3.0 | 22.00 | 87.00 | 109.00 | OK | |
r-devel-windows-ix86+x86_64-gcc8 | 1.3.0 | 16.00 | 59.00 | 75.00 | OK | |
r-patched-linux-x86_64 | 1.3.0 | 8.19 | 38.64 | 46.83 | OK | |
r-patched-solaris-x86 | 1.3.0 | 78.30 | NOTE | |||
r-release-linux-x86_64 | 1.3.0 | 8.24 | 38.96 | 47.20 | OK | |
r-release-windows-ix86+x86_64 | 1.3.0 | 18.00 | 75.00 | 93.00 | OK | |
r-release-osx-x86_64 | 1.3.0 | OK | ||||
r-oldrel-windows-ix86+x86_64 | 1.3.0 | 10.00 | 49.00 | 59.00 | OK | |
r-oldrel-osx-x86_64 | 1.3.0 | OK |
Version: 1.3.0
Check: installed package size
Result: NOTE
installed size is 5.2Mb
sub-directories of 1Mb or more:
doc 4.3Mb
Flavor: r-patched-solaris-x86