CRAN Package Check Results for Package DOT

Last updated on 2020-01-20 01:50:19 CET.

Flavor Version Tinstall Tcheck Ttotal Status Flags
r-devel-linux-x86_64-debian-clang 0.1 3.88 48.88 52.76 NOTE
r-devel-linux-x86_64-debian-gcc 0.1 4.05 37.18 41.23 NOTE
r-devel-linux-x86_64-fedora-clang 0.1 39.06 NOTE
r-devel-linux-x86_64-fedora-gcc 0.1 38.86 NOTE
r-devel-windows-ix86+x86_64 0.1 16.00 75.00 91.00 OK
r-devel-windows-ix86+x86_64-gcc8 0.1 11.00 57.00 68.00 OK
r-patched-linux-x86_64 0.1 4.14 46.69 50.83 OK
r-patched-solaris-x86 0.1 56.40 OK
r-release-linux-x86_64 0.1 4.21 47.11 51.32 OK
r-release-windows-ix86+x86_64 0.1 13.00 56.00 69.00 OK
r-release-osx-x86_64 0.1 OK
r-oldrel-windows-ix86+x86_64 0.1 5.00 49.00 54.00 OK
r-oldrel-osx-x86_64 0.1 OK

Check Details

Version: 0.1
Check: for non-standard things in the check directory
Result: NOTE
    Found the following files/directories:
     'myfile.ps' 'myfile.svg'
Flavors: r-devel-linux-x86_64-debian-clang, r-devel-linux-x86_64-debian-gcc, r-devel-linux-x86_64-fedora-clang, r-devel-linux-x86_64-fedora-gcc