Last updated on 2020-01-20 01:50:19 CET.
Flavor | Version | Tinstall | Tcheck | Ttotal | Status | Flags |
---|---|---|---|---|---|---|
r-devel-linux-x86_64-debian-clang | 0.8.3 | 9.41 | 110.36 | 119.77 | OK | |
r-devel-linux-x86_64-debian-gcc | 0.8.3 | 7.69 | 79.76 | 87.45 | OK | |
r-devel-linux-x86_64-fedora-clang | 0.8.3 | 153.36 | OK | |||
r-devel-linux-x86_64-fedora-gcc | 0.8.3 | 134.23 | OK | |||
r-devel-windows-ix86+x86_64 | 0.8.3 | 32.00 | 189.00 | 221.00 | OK | |
r-devel-windows-ix86+x86_64-gcc8 | 0.8.3 | 25.00 | 121.00 | 146.00 | OK | |
r-patched-linux-x86_64 | 0.8.3 | 8.54 | 94.65 | 103.19 | OK | |
r-patched-solaris-x86 | 0.8.3 | 169.90 | NOTE | |||
r-release-linux-x86_64 | 0.8.3 | 7.62 | 95.97 | 103.59 | OK | |
r-release-windows-ix86+x86_64 | 0.8.3 | 22.00 | 167.00 | 189.00 | OK | |
r-release-osx-x86_64 | 0.8.3 | OK | ||||
r-oldrel-windows-ix86+x86_64 | 0.8.3 | 13.00 | 111.00 | 124.00 | OK | |
r-oldrel-osx-x86_64 | 0.8.3 | OK |
Version: 0.8.3
Check: installed package size
Result: NOTE
installed size is 5.5Mb
sub-directories of 1Mb or more:
appinformation 4.2Mb
Flavor: r-patched-solaris-x86