Last updated on 2020-01-20 01:50:18 CET.
Flavor | Version | Tinstall | Tcheck | Ttotal | Status | Flags |
---|---|---|---|---|---|---|
r-devel-linux-x86_64-debian-clang | 1.5.0 | 438.45 | 317.92 | 756.37 | NOTE | |
r-devel-linux-x86_64-debian-gcc | 1.5.0 | 421.80 | 249.96 | 671.76 | NOTE | |
r-devel-linux-x86_64-fedora-clang | 1.5.0 | 998.31 | NOTE | |||
r-devel-linux-x86_64-fedora-gcc | 1.5.0 | 1216.51 | NOTE | |||
r-devel-windows-ix86+x86_64 | 1.5.0 | 1043.00 | 532.00 | 1575.00 | NOTE | |
r-devel-windows-ix86+x86_64-gcc8 | 1.5.0 | 818.00 | 376.00 | 1194.00 | NOTE | |
r-patched-linux-x86_64 | 1.5.0 | 459.07 | 309.62 | 768.69 | NOTE | |
r-patched-solaris-x86 | 1.5.0 | 1170.50 | NOTE | |||
r-release-linux-x86_64 | 1.5.0 | 452.21 | 300.33 | 752.54 | NOTE | |
r-release-windows-ix86+x86_64 | 1.5.0 | 987.00 | 485.00 | 1472.00 | NOTE | |
r-release-osx-x86_64 | 1.5.0 | NOTE | ||||
r-oldrel-windows-ix86+x86_64 | 1.5.0 | 754.00 | 356.00 | 1110.00 | NOTE | |
r-oldrel-osx-x86_64 | 1.5.0 | NOTE |
Version: 1.5.0
Check: for GNU extensions in Makefiles
Result: NOTE
GNU make is a SystemRequirements.
Flavors: r-devel-linux-x86_64-debian-clang, r-devel-linux-x86_64-debian-gcc, r-devel-linux-x86_64-fedora-clang, r-devel-linux-x86_64-fedora-gcc, r-devel-windows-ix86+x86_64, r-devel-windows-ix86+x86_64-gcc8, r-patched-linux-x86_64, r-patched-solaris-x86, r-release-linux-x86_64, r-release-windows-ix86+x86_64, r-release-osx-x86_64, r-oldrel-windows-ix86+x86_64, r-oldrel-osx-x86_64
Version: 1.5.0
Check: installed package size
Result: NOTE
installed size is 80.8Mb
sub-directories of 1Mb or more:
libs 78.1Mb
Flavors: r-devel-linux-x86_64-fedora-clang, r-devel-windows-ix86+x86_64, r-devel-windows-ix86+x86_64-gcc8, r-patched-solaris-x86, r-release-windows-ix86+x86_64, r-release-osx-x86_64, r-oldrel-windows-ix86+x86_64, r-oldrel-osx-x86_64
Version: 1.5.0
Check: top-level files
Result: NOTE
‘configure’: /bin/bash is not portable
Flavors: r-devel-linux-x86_64-fedora-clang, r-devel-linux-x86_64-fedora-gcc
Version: 1.5.0
Check: dependencies in R code
Result: NOTE
Namespace in Imports field not imported from: ‘lattice’
All declared Imports should be used.
Flavors: r-devel-linux-x86_64-fedora-clang, r-devel-linux-x86_64-fedora-gcc, r-patched-solaris-x86, r-release-osx-x86_64, r-oldrel-osx-x86_64