Last updated on 2020-01-20 01:50:19 CET.
Flavor | Version | Tinstall | Tcheck | Ttotal | Status | Flags |
---|---|---|---|---|---|---|
r-devel-linux-x86_64-debian-clang | 2.0 | 9.56 | 66.36 | 75.92 | OK | |
r-devel-linux-x86_64-debian-gcc | 2.0 | 6.86 | 50.40 | 57.26 | OK | |
r-devel-linux-x86_64-fedora-clang | 2.0 | 88.33 | NOTE | |||
r-devel-linux-x86_64-fedora-gcc | 2.0 | 91.00 | NOTE | |||
r-devel-windows-ix86+x86_64 | 2.0 | 26.00 | 153.00 | 179.00 | OK | |
r-devel-windows-ix86+x86_64-gcc8 | 2.0 | 18.00 | 104.00 | 122.00 | OK | |
r-patched-linux-x86_64 | 2.0 | 6.87 | 58.37 | 65.24 | OK | |
r-patched-solaris-x86 | 2.0 | 100.90 | OK | |||
r-release-linux-x86_64 | 2.0 | 8.98 | 58.89 | 67.87 | OK | |
r-release-windows-ix86+x86_64 | 2.0 | 21.00 | 96.00 | 117.00 | OK | |
r-release-osx-x86_64 | 2.0 | OK | ||||
r-oldrel-windows-ix86+x86_64 | 2.0 | 12.00 | 84.00 | 96.00 | OK | |
r-oldrel-osx-x86_64 | 2.0 | OK |
Version: 2.0
Check: compiled code
Result: NOTE
File ‘DiceOptim/libs/DiceOptim.so’:
Found no calls to: ‘R_registerRoutines’, ‘R_useDynamicSymbols’
It is good practice to register native routines and to disable symbol
search.
See ‘Writing portable packages’ in the ‘Writing R Extensions’ manual.
Flavors: r-devel-linux-x86_64-fedora-clang, r-devel-linux-x86_64-fedora-gcc