Last updated on 2020-01-20 01:50:20 CET.
Flavor | Version | Tinstall | Tcheck | Ttotal | Status | Flags |
---|---|---|---|---|---|---|
r-devel-linux-x86_64-debian-clang | 1.1.1 | 6.83 | 61.96 | 68.79 | OK | |
r-devel-linux-x86_64-debian-gcc | 1.1.1 | 5.17 | 47.13 | 52.30 | OK | |
r-devel-linux-x86_64-fedora-clang | 1.1.1 | 83.24 | OK | |||
r-devel-linux-x86_64-fedora-gcc | 1.1.1 | 81.57 | OK | |||
r-devel-windows-ix86+x86_64 | 1.1.1 | 22.00 | 118.00 | 140.00 | OK | |
r-devel-windows-ix86+x86_64-gcc8 | 1.1.1 | 15.00 | 76.00 | 91.00 | OK | |
r-patched-linux-x86_64 | 1.1.1 | 5.56 | 54.86 | 60.42 | OK | |
r-patched-solaris-x86 | 1.1.1 | 116.30 | OK | |||
r-release-linux-x86_64 | 1.1.1 | 5.52 | 54.49 | 60.01 | OK | |
r-release-windows-ix86+x86_64 | 1.1.1 | 18.00 | 112.00 | 130.00 | OK | |
r-release-osx-x86_64 | 1.1.1 | OK | ||||
r-oldrel-windows-ix86+x86_64 | 1.1.1 | 8.00 | 65.00 | 73.00 | WARN | |
r-oldrel-osx-x86_64 | 1.1.1 | OK |
Version: 1.1.1
Check: whether package can be installed
Result: WARN
Found the following significant warnings:
Warning: S3 methods '[.fun_list', '[.grouped_df', 'all.equal.tbl_df', 'anti_join.data.frame', 'anti_join.tbl_df', 'arrange.data.frame', 'arrange.default', 'arrange.grouped_df', 'arrange.tbl_df', 'arrange_.data.frame', 'arrange_.tbl_df', 'as.data.frame.grouped_df', 'as.data.frame.rowwise_df', 'as.data.frame.tbl_cube', 'as.table.tbl_cube', 'as.tbl.data.frame', 'as.tbl.tbl', 'as.tbl_cube.array', 'as.tbl_cube.data.frame', 'as.tbl_cube.matrix', 'as.tbl_cube.table', 'as_tibble.grouped_df', 'as_tibble.tbl_cube', 'auto_copy.tbl_cube', 'auto_copy.tbl_df', 'cbind.grouped_df', 'collapse.data.frame', 'collect.data.frame', 'common_by.NULL', 'common_by.character', 'common_by.default', 'common_by.list', 'compute.data.frame', 'copy_to.DBIConnection', 'copy_to.src_local', 'default_missing.data.frame', 'default_missing.default', 'dim.tbl_cube', 'distinct.data.frame', 'distinct.default', 'distinct.grouped_df', 'distinct.tbl_df', 'distinct_.data.frame', 'distinct_.grouped_df', 'distinct_.tbl_df', 'do.NULL', 'do.da [... truncated]
Flavor: r-oldrel-windows-ix86+x86_64