Last updated on 2020-01-20 01:50:20 CET.
Flavor | Version | Tinstall | Tcheck | Ttotal | Status | Flags |
---|---|---|---|---|---|---|
r-devel-linux-x86_64-debian-clang | 0.1.1 | 6.32 | 56.19 | 62.51 | NOTE | |
r-devel-linux-x86_64-debian-gcc | 0.1.1 | 5.32 | 42.57 | 47.89 | NOTE | |
r-devel-linux-x86_64-fedora-clang | 0.1.1 | 73.79 | OK | |||
r-devel-linux-x86_64-fedora-gcc | 0.1.1 | 74.27 | OK | |||
r-devel-windows-ix86+x86_64 | 0.1.1 | 30.00 | 110.00 | 140.00 | NOTE | |
r-devel-windows-ix86+x86_64-gcc8 | 0.1.1 | 20.00 | 71.00 | 91.00 | NOTE | |
r-patched-linux-x86_64 | 0.1.1 | 5.47 | 48.80 | 54.27 | OK | |
r-patched-solaris-x86 | 0.1.1 | 99.70 | OK | |||
r-release-linux-x86_64 | 0.1.1 | 4.99 | 48.76 | 53.75 | OK | |
r-release-windows-ix86+x86_64 | 0.1.1 | 17.00 | 106.00 | 123.00 | OK | |
r-release-osx-x86_64 | 0.1.1 | OK | ||||
r-oldrel-windows-ix86+x86_64 | 0.1.1 | 6.00 | 65.00 | 71.00 | OK | |
r-oldrel-osx-x86_64 | 0.1.1 | OK |
Version: 0.1.1
Check: package vignettes
Result: NOTE
Package vignette with placeholder title 'Vignette Title':
'ERSA.Rmd'
Flavors: r-devel-linux-x86_64-debian-clang, r-devel-linux-x86_64-debian-gcc, r-devel-windows-ix86+x86_64, r-devel-windows-ix86+x86_64-gcc8