Last updated on 2020-01-20 01:50:19 CET.
Flavor | Version | Tinstall | Tcheck | Ttotal | Status | Flags |
---|---|---|---|---|---|---|
r-devel-linux-x86_64-debian-clang | 1.5 | 18.26 | 98.31 | 116.57 | OK | |
r-devel-linux-x86_64-debian-gcc | 1.5 | 15.09 | 76.30 | 91.39 | OK | |
r-devel-linux-x86_64-fedora-clang | 1.5 | 144.76 | NOTE | |||
r-devel-linux-x86_64-fedora-gcc | 1.5 | 143.23 | NOTE | |||
r-devel-windows-ix86+x86_64 | 1.5 | 44.00 | 189.00 | 233.00 | OK | |
r-devel-windows-ix86+x86_64-gcc8 | 1.5 | 34.00 | 140.00 | 174.00 | OK | |
r-patched-linux-x86_64 | 1.5 | 14.40 | 85.50 | 99.90 | OK | |
r-patched-solaris-x86 | 1.5 | 174.70 | OK | |||
r-release-linux-x86_64 | 1.5 | 15.44 | 85.56 | 101.00 | OK | |
r-release-windows-ix86+x86_64 | 1.5 | 37.00 | 119.00 | 156.00 | OK | |
r-release-osx-x86_64 | 1.5 | OK | ||||
r-oldrel-windows-ix86+x86_64 | 1.5 | 20.00 | 107.00 | 127.00 | OK | |
r-oldrel-osx-x86_64 | 1.5 | OK |
Version: 1.5
Check: compiled code
Result: NOTE
File ‘EasyABC/libs/EasyABC.so’:
Found no calls to: ‘R_registerRoutines’, ‘R_useDynamicSymbols’
It is good practice to register native routines and to disable symbol
search.
See ‘Writing portable packages’ in the ‘Writing R Extensions’ manual.
Flavors: r-devel-linux-x86_64-fedora-clang, r-devel-linux-x86_64-fedora-gcc