CRAN Package Check Results for Package FastPCS

Last updated on 2020-01-20 01:50:20 CET.

Flavor Version Tinstall Tcheck Ttotal Status Flags
r-devel-linux-x86_64-debian-clang 0.1.3 26.19 19.60 45.79 OK
r-devel-linux-x86_64-debian-gcc 0.1.3 19.36 16.51 35.87 OK
r-devel-linux-x86_64-fedora-clang 0.1.3 58.20 NOTE
r-devel-linux-x86_64-fedora-gcc 0.1.3 60.21 OK
r-devel-windows-ix86+x86_64 0.1.3 45.00 68.00 113.00 OK
r-devel-windows-ix86+x86_64-gcc8 0.1.3 35.00 51.00 86.00 OK
r-patched-linux-x86_64 0.1.3 20.10 18.81 38.91 OK
r-patched-solaris-x86 0.1.3 55.10 OK
r-release-linux-x86_64 0.1.3 21.10 18.90 40.00 OK
r-release-windows-ix86+x86_64 0.1.3 46.00 54.00 100.00 OK
r-release-osx-x86_64 0.1.3 NOTE
r-oldrel-windows-ix86+x86_64 0.1.3 31.00 42.00 73.00 OK
r-oldrel-osx-x86_64 0.1.3 NOTE

Check Details

Version: 0.1.3
Check: installed package size
Result: NOTE
     installed size is 8.5Mb
     sub-directories of 1Mb or more:
     libs 8.3Mb
Flavors: r-devel-linux-x86_64-fedora-clang, r-release-osx-x86_64, r-oldrel-osx-x86_64