Last updated on 2020-01-20 01:50:20 CET.
Flavor | Version | Tinstall | Tcheck | Ttotal | Status | Flags |
---|---|---|---|---|---|---|
r-devel-linux-x86_64-debian-clang | 1.4 | 8.89 | 60.46 | 69.35 | OK | |
r-devel-linux-x86_64-debian-gcc | 1.4 | 5.58 | 47.06 | 52.64 | OK | |
r-devel-linux-x86_64-fedora-clang | 1.4 | 84.00 | WARN | |||
r-devel-linux-x86_64-fedora-gcc | 1.4 | 86.49 | OK | |||
r-devel-windows-ix86+x86_64 | 1.4 | 23.00 | 76.00 | 99.00 | OK | |
r-devel-windows-ix86+x86_64-gcc8 | 1.4 | 15.00 | 79.00 | 94.00 | OK | |
r-patched-linux-x86_64 | 1.4 | 6.62 | 54.17 | 60.79 | OK | |
r-patched-solaris-x86 | 1.4 | 120.10 | OK | |||
r-release-linux-x86_64 | 1.4 | 6.56 | 54.15 | 60.71 | OK | |
r-release-windows-ix86+x86_64 | 1.4 | 17.00 | 69.00 | 86.00 | OK | |
r-release-osx-x86_64 | 1.4 | FAIL | ||||
r-oldrel-windows-ix86+x86_64 | 1.4 | 6.00 | 79.00 | 85.00 | OK | |
r-oldrel-osx-x86_64 | 1.4 | OK |
Version: 1.4
Check: package dependencies
Result: WARN
Requires orphaned package: ‘geoR’
Flavor: r-devel-linux-x86_64-fedora-clang
Version: 1.4
Check: whether package can be installed
Result: FAIL
Flavor: r-release-osx-x86_64