CRAN Package Check Results for Package GSIF

Last updated on 2020-01-20 01:50:22 CET.

Flavor Version Tinstall Tcheck Ttotal Status Flags
r-devel-linux-x86_64-debian-clang 0.5-5 39.69 205.60 245.29 NOTE
r-devel-linux-x86_64-debian-gcc 0.5-5 32.74 158.30 191.04 NOTE
r-devel-linux-x86_64-fedora-clang 0.5-5 298.38 NOTE
r-devel-linux-x86_64-fedora-gcc 0.5-5 299.23 NOTE
r-devel-windows-ix86+x86_64 0.5-5 82.00 292.00 374.00 OK
r-devel-windows-ix86+x86_64-gcc8 0.5-5 68.00 220.00 288.00 OK
r-patched-linux-x86_64 0.5-5 31.21 179.91 211.12 OK
r-patched-solaris-x86 0.5-5 397.30 OK
r-release-linux-x86_64 0.5-5 29.90 179.80 209.70 OK
r-release-windows-ix86+x86_64 0.5-5 65.00 271.00 336.00 OK
r-release-osx-x86_64 0.5-5 OK
r-oldrel-windows-ix86+x86_64 0.5-5 39.00 169.00 208.00 OK
r-oldrel-osx-x86_64 0.5-5 OK

Check Details

Version: 0.5-5
Check: for non-standard things in the check directory
Result: NOTE
    Found the following files/directories:
     'ORCDRC.txt'
Flavors: r-devel-linux-x86_64-debian-clang, r-devel-linux-x86_64-debian-gcc, r-devel-linux-x86_64-fedora-clang, r-devel-linux-x86_64-fedora-gcc

Version: 0.5-5
Check: package dependencies
Result: NOTE
    Suggests orphaned package: ‘SDMTools’
Flavor: r-devel-linux-x86_64-fedora-clang