CRAN Package Check Results for Package GeneBook

Last updated on 2020-01-20 01:50:21 CET.

Flavor Version Tinstall Tcheck Ttotal Status Flags
r-devel-linux-x86_64-debian-clang 1.0 9.52 43.85 53.37 OK
r-devel-linux-x86_64-debian-gcc 1.0 9.29 36.23 45.52 OK
r-devel-linux-x86_64-fedora-clang 1.0 69.17 NOTE
r-devel-linux-x86_64-fedora-gcc 1.0 74.26 NOTE
r-devel-windows-ix86+x86_64 1.0 28.00 71.00 99.00 NOTE
r-devel-windows-ix86+x86_64-gcc8 1.0 20.00 53.00 73.00 NOTE
r-patched-linux-x86_64 1.0 9.93 40.87 50.80 OK
r-patched-solaris-x86 1.0 112.00 NOTE
r-release-linux-x86_64 1.0 10.60 41.15 51.75 OK
r-release-windows-ix86+x86_64 1.0 25.00 62.00 87.00 NOTE
r-release-osx-x86_64 1.0 NOTE
r-oldrel-windows-ix86+x86_64 1.0 14.00 47.00 61.00 NOTE
r-oldrel-osx-x86_64 1.0 NOTE

Check Details

Version: 1.0
Check: installed package size
Result: NOTE
     installed size is 10.3Mb
     sub-directories of 1Mb or more:
     R 10.2Mb
Flavors: r-devel-linux-x86_64-fedora-clang, r-devel-windows-ix86+x86_64, r-devel-windows-ix86+x86_64-gcc8, r-patched-solaris-x86, r-release-windows-ix86+x86_64, r-release-osx-x86_64, r-oldrel-windows-ix86+x86_64, r-oldrel-osx-x86_64

Version: 1.0
Check: dependencies in R code
Result: NOTE
    Namespace in Imports field not imported from: ‘repmis’
     All declared Imports should be used.
Flavors: r-devel-linux-x86_64-fedora-clang, r-devel-linux-x86_64-fedora-gcc, r-patched-solaris-x86, r-release-osx-x86_64, r-oldrel-osx-x86_64