Last updated on 2020-01-20 01:50:22 CET.
Flavor | Version | Tinstall | Tcheck | Ttotal | Status | Flags |
---|---|---|---|---|---|---|
r-devel-linux-x86_64-debian-clang | 2.0 | 34.05 | 60.30 | 94.35 | OK | |
r-devel-linux-x86_64-debian-gcc | 2.0 | 26.08 | 46.70 | 72.78 | OK | |
r-devel-linux-x86_64-fedora-clang | 2.0 | 124.19 | NOTE | |||
r-devel-linux-x86_64-fedora-gcc | 2.0 | 127.15 | NOTE | |||
r-devel-windows-ix86+x86_64 | 2.0 | 106.00 | 138.00 | 244.00 | OK | |
r-devel-windows-ix86+x86_64-gcc8 | 2.0 | 78.00 | 102.00 | 180.00 | OK | |
r-patched-linux-x86_64 | 2.0 | 29.27 | 53.78 | 83.05 | OK | |
r-patched-solaris-x86 | 2.0 | 132.80 | NOTE | |||
r-release-linux-x86_64 | 2.0 | 28.61 | 54.63 | 83.24 | OK | |
r-release-windows-ix86+x86_64 | 2.0 | 96.00 | 139.00 | 235.00 | OK | |
r-release-osx-x86_64 | 2.0 | NOTE | ||||
r-oldrel-windows-ix86+x86_64 | 2.0 | 51.00 | 80.00 | 131.00 | OK | |
r-oldrel-osx-x86_64 | 2.0 | NOTE |
Version: 2.0
Check: dependencies in R code
Result: NOTE
Namespace in Imports field not imported from: ‘dplyr’
All declared Imports should be used.
Flavors: r-devel-linux-x86_64-fedora-clang, r-devel-linux-x86_64-fedora-gcc, r-patched-solaris-x86, r-release-osx-x86_64, r-oldrel-osx-x86_64