Last updated on 2020-01-20 01:50:22 CET.
Flavor | Version | Tinstall | Tcheck | Ttotal | Status | Flags |
---|---|---|---|---|---|---|
r-devel-linux-x86_64-debian-clang | 0.5 | 2.12 | 27.37 | 29.49 | NOTE | |
r-devel-linux-x86_64-debian-gcc | 0.5 | 1.69 | 21.03 | 22.72 | NOTE | |
r-devel-linux-x86_64-fedora-clang | 0.5 | 35.99 | NOTE | |||
r-devel-linux-x86_64-fedora-gcc | 0.5 | 35.52 | NOTE | |||
r-devel-windows-ix86+x86_64 | 0.5 | 9.00 | 77.00 | 86.00 | OK | |
r-devel-windows-ix86+x86_64-gcc8 | 0.5 | 7.00 | 58.00 | 65.00 | OK | |
r-patched-linux-x86_64 | 0.5 | 1.52 | 24.82 | 26.34 | OK | |
r-patched-solaris-x86 | 0.5 | 49.90 | NOTE | |||
r-release-linux-x86_64 | 0.5 | 1.49 | 24.81 | 26.30 | OK | |
r-release-windows-ix86+x86_64 | 0.5 | 7.00 | 78.00 | 85.00 | OK | |
r-release-osx-x86_64 | 0.5 | NOTE | ||||
r-oldrel-windows-ix86+x86_64 | 0.5 | 2.00 | 55.00 | 57.00 | OK | |
r-oldrel-osx-x86_64 | 0.5 | NOTE |
Version: 0.5
Check: for non-standard things in the check directory
Result: NOTE
Found the following files/directories:
'gbcbd_cache'
Flavors: r-devel-linux-x86_64-debian-clang, r-devel-linux-x86_64-debian-gcc, r-devel-linux-x86_64-fedora-clang, r-devel-linux-x86_64-fedora-gcc
Version: 0.5
Check: dependencies in R code
Result: NOTE
Namespaces in Imports field not imported from:
‘RCurl’ ‘lubridate’ ‘readr’ ‘stats’
All declared Imports should be used.
Flavors: r-devel-linux-x86_64-fedora-clang, r-devel-linux-x86_64-fedora-gcc, r-patched-solaris-x86, r-release-osx-x86_64, r-oldrel-osx-x86_64