Last updated on 2020-01-20 01:50:22 CET.
Flavor | Version | Tinstall | Tcheck | Ttotal | Status | Flags |
---|---|---|---|---|---|---|
r-devel-linux-x86_64-debian-clang | 0.2 | 2.93 | 199.81 | 202.74 | OK | |
r-devel-linux-x86_64-debian-gcc | 0.2 | 2.26 | 140.11 | 142.37 | OK | |
r-devel-linux-x86_64-fedora-clang | 0.2 | 268.07 | NOTE | |||
r-devel-linux-x86_64-fedora-gcc | 0.2 | 248.84 | NOTE | |||
r-devel-windows-ix86+x86_64 | 0.2 | 13.00 | 350.00 | 363.00 | OK | |
r-devel-windows-ix86+x86_64-gcc8 | 0.2 | 8.00 | 282.00 | 290.00 | OK | |
r-patched-linux-x86_64 | 0.2 | 2.14 | 187.61 | 189.75 | OK | |
r-patched-solaris-x86 | 0.2 | 588.60 | NOTE | |||
r-release-linux-x86_64 | 0.2 | 2.12 | 188.06 | 190.18 | OK | |
r-release-windows-ix86+x86_64 | 0.2 | 10.00 | 347.00 | 357.00 | OK | |
r-release-osx-x86_64 | 0.2 | NOTE | ||||
r-oldrel-windows-ix86+x86_64 | 0.2 | 4.00 | 250.00 | 254.00 | OK | |
r-oldrel-osx-x86_64 | 0.2 | NOTE |
Version: 0.2
Check: dependencies in R code
Result: NOTE
Namespaces in Imports field not imported from:
‘cplm’ ‘ggplot2’ ‘rlang’
All declared Imports should be used.
Flavors: r-devel-linux-x86_64-fedora-clang, r-devel-linux-x86_64-fedora-gcc, r-patched-solaris-x86, r-release-osx-x86_64, r-oldrel-osx-x86_64