CRAN Package Check Results for Package HURDAT

Last updated on 2020-01-20 01:50:23 CET.

Flavor Version Tinstall Tcheck Ttotal Status Flags
r-devel-linux-x86_64-debian-clang 0.2.3 3.60 38.34 41.94 ERROR
r-devel-linux-x86_64-debian-gcc 0.2.3 2.88 29.65 32.53 ERROR
r-devel-linux-x86_64-fedora-clang 0.2.3 51.44 ERROR
r-devel-linux-x86_64-fedora-gcc 0.2.3 50.43 ERROR
r-devel-windows-ix86+x86_64 0.2.3 12.00 86.00 98.00 ERROR
r-devel-windows-ix86+x86_64-gcc8 0.2.3 9.00 61.00 70.00 ERROR
r-patched-linux-x86_64 0.2.3 3.09 35.26 38.35 ERROR
r-patched-solaris-x86 0.2.3 76.60 ERROR
r-release-linux-x86_64 0.2.3 2.54 35.04 37.58 ERROR
r-release-windows-ix86+x86_64 0.2.3 10.00 92.00 102.00 ERROR
r-release-osx-x86_64 0.2.3 NOTE
r-oldrel-windows-ix86+x86_64 0.2.3 4.00 59.00 63.00 ERROR
r-oldrel-osx-x86_64 0.2.3 NOTE

Check Details

Version: 0.2.3
Check: tests
Result: ERROR
     Running 'testthat.R' [12s/21s]
    Running the tests in 'tests/testthat.R' failed.
    Complete output:
     > library(testthat)
     > library(HURDAT)
     >
     > test_check("HURDAT")
     -- 1. Failure: Test EP HURDAT (@test-hurdat.R#117) ----------------------------
     `ep` not identical to dplyr::distinct(ep).
     Attributes: < Component "row.names": Numeric: lengths (28570, 28537) differ >
     Component "Key": Lengths (28570, 28537) differ (string compare on first 28537)
     Component "Key": 1220 string mismatches
     Component "Name": Lengths (28570, 28537) differ (string compare on first 28537)
     Component "Name": 1220 string mismatches
     Component "DateTime": Numeric: lengths (28570, 28537) differ
     Component "Record": Lengths (28570, 28537) differ (string compare on first 28537)
     Component "Record": 'is.NA' value mismatch: 28419 in current 28420 in target
     Component "Status": Lengths (28570, 28537) differ (string compare on first 28537)
     ...
    
     == testthat results ===========================================================
     [ OK: 56 | SKIPPED: 0 | WARNINGS: 1 | FAILED: 1 ]
     1. Failure: Test EP HURDAT (@test-hurdat.R#117)
    
     Error: testthat unit tests failed
     Execution halted
Flavor: r-devel-linux-x86_64-debian-clang

Version: 0.2.3
Check: tests
Result: ERROR
     Running ‘testthat.R’ [9s/23s]
    Running the tests in ‘tests/testthat.R’ failed.
    Complete output:
     > library(testthat)
     > library(HURDAT)
     >
     > test_check("HURDAT")
     ── 1. Failure: Test EP HURDAT (@test-hurdat.R#117) ────────────────────────────
     `ep` not identical to dplyr::distinct(ep).
     Attributes: < Component "row.names": Numeric: lengths (28570, 28537) differ >
     Component "Key": Lengths (28570, 28537) differ (string compare on first 28537)
     Component "Key": 1220 string mismatches
     Component "Name": Lengths (28570, 28537) differ (string compare on first 28537)
     Component "Name": 1220 string mismatches
     Component "DateTime": Numeric: lengths (28570, 28537) differ
     Component "Record": Lengths (28570, 28537) differ (string compare on first 28537)
     Component "Record": 'is.NA' value mismatch: 28419 in current 28420 in target
     Component "Status": Lengths (28570, 28537) differ (string compare on first 28537)
     ...
    
     ══ testthat results ═══════════════════════════════════════════════════════════
     [ OK: 56 | SKIPPED: 0 | WARNINGS: 1 | FAILED: 1 ]
     1. Failure: Test EP HURDAT (@test-hurdat.R#117)
    
     Error: testthat unit tests failed
     Execution halted
Flavor: r-devel-linux-x86_64-debian-gcc

Version: 0.2.3
Check: dependencies in R code
Result: NOTE
    Namespaces in Imports field not imported from:
     ‘rvest’ ‘xml2’
     All declared Imports should be used.
Flavors: r-devel-linux-x86_64-fedora-clang, r-devel-linux-x86_64-fedora-gcc, r-patched-solaris-x86, r-release-osx-x86_64, r-oldrel-osx-x86_64

Version: 0.2.3
Check: tests
Result: ERROR
     Running ‘testthat.R’ [14s/20s]
    Running the tests in ‘tests/testthat.R’ failed.
    Complete output:
     > library(testthat)
     > library(HURDAT)
     >
     > test_check("HURDAT")
     ── 1. Failure: Test EP HURDAT (@test-hurdat.R#117) ────────────────────────────
     `ep` not identical to dplyr::distinct(ep).
     Attributes: < Component "row.names": Numeric: lengths (28570, 28537) differ >
     Component "Key": Lengths (28570, 28537) differ (string compare on first 28537)
     Component "Key": 1220 string mismatches
     Component "Name": Lengths (28570, 28537) differ (string compare on first 28537)
     Component "Name": 1220 string mismatches
     Component "DateTime": Numeric: lengths (28570, 28537) differ
     Component "Record": Lengths (28570, 28537) differ (string compare on first 28537)
     Component "Record": 'is.NA' value mismatch: 28419 in current 28420 in target
     Component "Status": Lengths (28570, 28537) differ (string compare on first 28537)
     ...
    
     ══ testthat results ═══════════════════════════════════════════════════════════
     [ OK: 56 | SKIPPED: 0 | WARNINGS: 1 | FAILED: 1 ]
     1. Failure: Test EP HURDAT (@test-hurdat.R#117)
    
     Error: testthat unit tests failed
     Execution halted
Flavor: r-devel-linux-x86_64-fedora-clang

Version: 0.2.3
Check: tests
Result: ERROR
     Running ‘testthat.R’ [14s/23s]
    Running the tests in ‘tests/testthat.R’ failed.
    Complete output:
     > library(testthat)
     > library(HURDAT)
     >
     > test_check("HURDAT")
     ── 1. Failure: Test EP HURDAT (@test-hurdat.R#117) ────────────────────────────
     `ep` not identical to dplyr::distinct(ep).
     Attributes: < Component "row.names": Numeric: lengths (28570, 28537) differ >
     Component "Key": Lengths (28570, 28537) differ (string compare on first 28537)
     Component "Key": 1220 string mismatches
     Component "Name": Lengths (28570, 28537) differ (string compare on first 28537)
     Component "Name": 1220 string mismatches
     Component "DateTime": Numeric: lengths (28570, 28537) differ
     Component "Record": Lengths (28570, 28537) differ (string compare on first 28537)
     Component "Record": 'is.NA' value mismatch: 28419 in current 28420 in target
     Component "Status": Lengths (28570, 28537) differ (string compare on first 28537)
     ...
    
     ══ testthat results ═══════════════════════════════════════════════════════════
     [ OK: 56 | SKIPPED: 0 | WARNINGS: 1 | FAILED: 1 ]
     1. Failure: Test EP HURDAT (@test-hurdat.R#117)
    
     Error: testthat unit tests failed
     Execution halted
Flavor: r-devel-linux-x86_64-fedora-gcc

Version: 0.2.3
Check: tests
Result: ERROR
     Running 'testthat.R' [26s]
    Running the tests in 'tests/testthat.R' failed.
    Complete output:
     > library(testthat)
     > library(HURDAT)
     >
     > test_check("HURDAT")
     -- 1. Failure: Test EP HURDAT (@test-hurdat.R#117) ----------------------------
     `ep` not identical to dplyr::distinct(ep).
     Attributes: < Component "row.names": Numeric: lengths (28570, 28537) differ >
     Component "Key": Lengths (28570, 28537) differ (string compare on first 28537)
     Component "Key": 1220 string mismatches
     Component "Name": Lengths (28570, 28537) differ (string compare on first 28537)
     Component "Name": 1220 string mismatches
     Component "DateTime": Numeric: lengths (28570, 28537) differ
     Component "Record": Lengths (28570, 28537) differ (string compare on first 28537)
     Component "Record": 'is.NA' value mismatch: 28419 in current 28420 in target
     Component "Status": Lengths (28570, 28537) differ (string compare on first 28537)
     ...
    
     == testthat results ===========================================================
     [ OK: 56 | SKIPPED: 0 | WARNINGS: 1 | FAILED: 1 ]
     1. Failure: Test EP HURDAT (@test-hurdat.R#117)
    
     Error: testthat unit tests failed
     Execution halted
Flavor: r-devel-windows-ix86+x86_64

Version: 0.2.3
Check: tests
Result: ERROR
     Running 'testthat.R' [21s]
    Running the tests in 'tests/testthat.R' failed.
    Complete output:
     > library(testthat)
     > library(HURDAT)
     >
     > test_check("HURDAT")
     -- 1. Failure: Test EP HURDAT (@test-hurdat.R#117) ----------------------------
     `ep` not identical to dplyr::distinct(ep).
     Attributes: < Component "row.names": Numeric: lengths (28570, 28537) differ >
     Component "Key": Lengths (28570, 28537) differ (string compare on first 28537)
     Component "Key": 1220 string mismatches
     Component "Name": Lengths (28570, 28537) differ (string compare on first 28537)
     Component "Name": 1220 string mismatches
     Component "DateTime": Numeric: lengths (28570, 28537) differ
     Component "Record": Lengths (28570, 28537) differ (string compare on first 28537)
     Component "Record": 'is.NA' value mismatch: 28419 in current 28420 in target
     Component "Status": Lengths (28570, 28537) differ (string compare on first 28537)
     ...
    
     == testthat results ===========================================================
     [ OK: 56 | SKIPPED: 0 | WARNINGS: 1 | FAILED: 1 ]
     1. Failure: Test EP HURDAT (@test-hurdat.R#117)
    
     Error: testthat unit tests failed
     Execution halted
Flavors: r-devel-windows-ix86+x86_64-gcc8, r-oldrel-windows-ix86+x86_64

Version: 0.2.3
Check: tests
Result: ERROR
     Running ‘testthat.R’ [11s/20s]
    Running the tests in ‘tests/testthat.R’ failed.
    Complete output:
     > library(testthat)
     > library(HURDAT)
     >
     > test_check("HURDAT")
     ── 1. Failure: Test EP HURDAT (@test-hurdat.R#117) ────────────────────────────
     `ep` not identical to dplyr::distinct(ep).
     Attributes: < Component "row.names": Numeric: lengths (28570, 28537) differ >
     Component "Key": Lengths (28570, 28537) differ (string compare on first 28537)
     Component "Key": 1220 string mismatches
     Component "Name": Lengths (28570, 28537) differ (string compare on first 28537)
     Component "Name": 1220 string mismatches
     Component "DateTime": Numeric: lengths (28570, 28537) differ
     Component "Record": Lengths (28570, 28537) differ (string compare on first 28537)
     Component "Record": 'is.NA' value mismatch: 28419 in current 28420 in target
     Component "Status": Lengths (28570, 28537) differ (string compare on first 28537)
     ...
    
     ══ testthat results ═══════════════════════════════════════════════════════════
     [ OK: 56 | SKIPPED: 0 | WARNINGS: 1 | FAILED: 1 ]
     1. Failure: Test EP HURDAT (@test-hurdat.R#117)
    
     Error: testthat unit tests failed
     Execution halted
Flavor: r-patched-linux-x86_64

Version: 0.2.3
Check: tests
Result: ERROR
     Running ‘testthat.R’ [24s/82s]
    Running the tests in ‘tests/testthat.R’ failed.
    Complete output:
     > library(testthat)
     > library(HURDAT)
     >
     > test_check("HURDAT")
     ── 1. Failure: Test EP HURDAT (@test-hurdat.R#117) ────────────────────────────
     `ep` not identical to dplyr::distinct(ep).
     Attributes: < Component "row.names": Numeric: lengths (28570, 28537) differ >
     Component "Key": Lengths (28570, 28537) differ (string compare on first 28537)
     Component "Key": 1220 string mismatches
     Component "Name": Lengths (28570, 28537) differ (string compare on first 28537)
     Component "Name": 1220 string mismatches
     Component "DateTime": Numeric: lengths (28570, 28537) differ
     Component "Record": Lengths (28570, 28537) differ (string compare on first 28537)
     Component "Record": 'is.NA' value mismatch: 28419 in current 28420 in target
     Component "Status": Lengths (28570, 28537) differ (string compare on first 28537)
     ...
    
     ══ testthat results ═══════════════════════════════════════════════════════════
     [ OK: 56 | SKIPPED: 0 | WARNINGS: 1 | FAILED: 1 ]
     1. Failure: Test EP HURDAT (@test-hurdat.R#117)
    
     Error: testthat unit tests failed
     Execution halted
Flavor: r-patched-solaris-x86

Version: 0.2.3
Check: tests
Result: ERROR
     Running ‘testthat.R’ [11s/21s]
    Running the tests in ‘tests/testthat.R’ failed.
    Complete output:
     > library(testthat)
     > library(HURDAT)
     >
     > test_check("HURDAT")
     ── 1. Failure: Test EP HURDAT (@test-hurdat.R#117) ────────────────────────────
     `ep` not identical to dplyr::distinct(ep).
     Attributes: < Component "row.names": Numeric: lengths (28570, 28537) differ >
     Component "Key": Lengths (28570, 28537) differ (string compare on first 28537)
     Component "Key": 1220 string mismatches
     Component "Name": Lengths (28570, 28537) differ (string compare on first 28537)
     Component "Name": 1220 string mismatches
     Component "DateTime": Numeric: lengths (28570, 28537) differ
     Component "Record": Lengths (28570, 28537) differ (string compare on first 28537)
     Component "Record": 'is.NA' value mismatch: 28419 in current 28420 in target
     Component "Status": Lengths (28570, 28537) differ (string compare on first 28537)
     ...
    
     ══ testthat results ═══════════════════════════════════════════════════════════
     [ OK: 56 | SKIPPED: 0 | WARNINGS: 1 | FAILED: 1 ]
     1. Failure: Test EP HURDAT (@test-hurdat.R#117)
    
     Error: testthat unit tests failed
     Execution halted
Flavor: r-release-linux-x86_64

Version: 0.2.3
Check: tests
Result: ERROR
     Running 'testthat.R' [25s]
    Running the tests in 'tests/testthat.R' failed.
    Complete output:
     > library(testthat)
     > library(HURDAT)
     >
     > test_check("HURDAT")
     -- 1. Failure: Test EP HURDAT (@test-hurdat.R#117) ----------------------------
     `ep` not identical to dplyr::distinct(ep).
     Attributes: < Component "row.names": Numeric: lengths (28570, 28537) differ >
     Component "Key": Lengths (28570, 28537) differ (string compare on first 28537)
     Component "Key": 1220 string mismatches
     Component "Name": Lengths (28570, 28537) differ (string compare on first 28537)
     Component "Name": 1220 string mismatches
     Component "DateTime": Numeric: lengths (28570, 28537) differ
     Component "Record": Lengths (28570, 28537) differ (string compare on first 28537)
     Component "Record": 'is.NA' value mismatch: 28419 in current 28420 in target
     Component "Status": Lengths (28570, 28537) differ (string compare on first 28537)
     ...
    
     == testthat results ===========================================================
     [ OK: 56 | SKIPPED: 0 | WARNINGS: 1 | FAILED: 1 ]
     1. Failure: Test EP HURDAT (@test-hurdat.R#117)
    
     Error: testthat unit tests failed
     Execution halted
Flavor: r-release-windows-ix86+x86_64