Last updated on 2020-01-20 01:50:23 CET.
Flavor | Version | Tinstall | Tcheck | Ttotal | Status | Flags |
---|---|---|---|---|---|---|
r-devel-linux-x86_64-debian-clang | 0.9.9 | 141.53 | 125.20 | 266.73 | OK | |
r-devel-linux-x86_64-debian-gcc | 0.9.9 | 91.99 | 91.85 | 183.84 | OK | |
r-devel-linux-x86_64-fedora-clang | 0.9.9 | 352.26 | NOTE | |||
r-devel-linux-x86_64-fedora-gcc | 0.9.9 | 345.08 | OK | |||
r-devel-windows-ix86+x86_64 | 0.9.9 | 329.00 | 275.00 | 604.00 | OK | |
r-devel-windows-ix86+x86_64-gcc8 | 0.9.9 | 257.00 | 205.00 | 462.00 | OK | |
r-patched-linux-x86_64 | 0.9.9 | 106.55 | 109.49 | 216.04 | OK | |
r-patched-solaris-x86 | 0.9.9 | 301.10 | OK | |||
r-release-linux-x86_64 | 0.9.9 | 98.31 | 108.26 | 206.57 | OK | |
r-release-windows-ix86+x86_64 | 0.9.9 | 332.00 | 240.00 | 572.00 | OK | |
r-release-osx-x86_64 | 0.9.9 | NOTE | ||||
r-oldrel-windows-ix86+x86_64 | 0.9.9 | 183.00 | 156.00 | 339.00 | OK | |
r-oldrel-osx-x86_64 | 0.9.9 | NOTE |
Version: 0.9.9
Check: installed package size
Result: NOTE
installed size is 7.6Mb
sub-directories of 1Mb or more:
libs 6.4Mb
Flavors: r-devel-linux-x86_64-fedora-clang, r-release-osx-x86_64, r-oldrel-osx-x86_64